NOAA-Style Climate Reports

NOAA style reports

NOAA-style Climate Reports

2018: Jan | Feb | Mar | Apr | May | Jun | Jul | Aug | Sep | Oct | Nov | Dec 
 2017: Jan | Feb | Mar | Apr | May | Jun | Jul | Aug | Sep | Oct | Nov | Dec 
 2016: Jan | Feb | Mar | Apr | May | Jun | Jul | Aug | Sep | Oct | Nov | Dec 
2015: Jan | Feb | Mar | Apr | May | Jun | Jul | Aug | Sep | Oct | Nov | Dec 
2014: Jan | Feb | Mar | Apr | May | Jun | Jul | Aug | Sep | Oct | Nov | Dec 
2013: Jan | Feb | Mar | Apr | May | Jun | Jul | Aug | Sep | Oct | Nov | Dec 

Report for 2018 02
MONTHLY CLIMATOLOGICAL SUMMARY FOR 2/2018 HEAT COOL MEAN DEG DEG WIND SPEED DOM MEAN MEAN DAY TEMP HIGH TIME LOW TIME DAYS DAYS RAIN AVG HI TIME DIR BAROM HUM --------------------------------------------------------------------------------------- 1 35.3 45.0 12:36am 19.1 11:58pm 30 0 0.06 0 0 12:00am N 30.06 68 2 21.3 28.5 1:02pm 12.2 7:02am 44 0 0.01 0 0 12:00am N 30.50 62 3 30.8 41.6 10:53pm 20.9 1:26am 34 0 0.01 0 0 12:00am N 30.15 60 4 34.1 51.3 11:27am 18.5 11:48pm 31 0 0.12 0 0 12:00am N 29.95 81 5 23.9 30.8 9:41pm 13.0 6:29am 41 0 0.00 0 0 12:00am N 30.22 69 6 32.4 38.6 12:45pm 28.5 9:18am 33 0 0.12 0 0 12:00am N 30.25 70 7 28.8 34.2 2:48pm 22.3 11:59pm 36 0 0.13 0 0 12:00am N 30.26 84 8 30.5 41.1 12:56pm 19.5 4:45am 35 0 0.00 0 0 12:00am N 30.41 75 9 46.3 58.5 2:34pm 31.4 12:01am 19 0 0.00 0 0 12:00am N 30.10 61 10 39.9 47.1 12:00am 34.3 11:56pm 25 0 0.02 0 0 12:00am N 29.94 76 11 30.8 34.9 1:58am 26.9 11:23pm 34 0 0.28 0 0 12:00am N 30.00 88 12 31.3 42.3 1:49pm 20.4 6:36am 34 0 0.00 0 0 12:00am N 30.52 70 13 35.7 44.2 3:58pm 25.4 6:38am 29 0 0.00 0 0 12:00am N 30.44 76 14 52.4 59.8 4:15pm 39.4 12:01am 13 0 0.40 0 0 12:00am N 30.09 92 15 65.9 72.8 2:04pm 59.6 12:00am 1 2 0.00 0 0 12:00am N 29.78 83 16 44.6 67.3 12:00am 36.1 11:58pm 20 0 0.76 0 0 12:00am N 30.08 83 17 34.7 36.5 7:22am 33.3 10:38am 16 0 0.23 0 0 12:00am N 30.11 86 --------------------------------------------------------------------------------------- TOT 36.4 72.8 2/15/18 12.2 2/2/18 475 2 2.14 0 0 2/1/18 N 30.17 75 HEAT BASE: 65.0 COOL BASE: 65.0