NOAA-Style Climate Reports

NOAA style reports

NOAA-style Climate Reports

2017: Jan | Feb | Mar | Apr | May | Jun | Jul | Aug | Sep | Oct | Nov | Dec 
 2016: Jan | Feb | Mar | Apr | May | Jun | Jul | Aug | Sep | Oct | Nov | Dec 
2015: Jan | Feb | Mar | Apr | May | Jun | Jul | Aug | Sep | Oct | Nov | Dec 
2014: Jan | Feb | Mar | Apr | May | Jun | Jul | Aug | Sep | Oct | Nov | Dec 
2013: Jan | Feb | Mar | Apr | May | Jun | Jul | Aug | Sep | Oct | Nov | Dec 

Report for 2013 08
MONTHLY CLIMATOLOGICAL SUMMARY FOR 8/2013 HEAT COOL MEAN DEG DEG WIND SPEED DOM MEAN MEAN DAY TEMP HIGH TIME LOW TIME DAYS DAYS RAIN AVG HI TIME DIR BAROM HUM --------------------------------------------------------------------------------------- 1 2 3 4 75.2 82.8 2:35pm 66.0 6:45am 0 7 0.00 0 0 7:03am N 30.05 53 5 71.3 83.4 1:52pm 61.8 6:10am 1 7 0.00 0 0 12:00am N 29.96 72 6 76.3 84.0 12:49pm 70.9 6:19am 0 11 0.00 0 0 12:00am N 29.84 81 7 79.3 88.6 4:30pm 73.0 5:31am 0 14 0.00 0 0 12:00am N 29.82 80 8 79.5 89.7 1:00pm 73.2 5:00am 0 14 0.00 0 0 12:00am N 29.83 81 9 78.1 85.9 12:20pm 74.2 7:12am 0 13 0.03 0 0 12:00am N 29.89 84 10 78.7 87.4 1:57pm 72.8 6:22am 0 14 0.00 0 0 12:00am N 29.98 74 11 78.7 89.9 2:16pm 70.1 6:39am 0 14 0.00 0 0 12:00am N 30.00 68 12 76.7 87.4 12:57pm 70.8 2:22am 0 12 0.08 0 0 12:00am N 29.91 80 13 74.0 81.2 2:30pm 66.1 11:30pm 0 9 0.10 0 0 12:00am N 29.89 78 14 66.3 77.4 2:30pm 56.5 6:30am 2 3 0.00 0 0 12:00am N 30.06 58 15 66.6 77.4 4:00pm 56.3 6:30am 3 4 0.00 0 0 12:00am N 30.04 64 16 69.8 81.4 1:44pm 58.4 6:43am 1 6 0.00 0 0 12:00am N 30.02 65 17 70.3 78.5 2:38pm 65.0 7:46am 0 5 0.13 0 0 12:00am N 30.04 76 18 75.0 84.5 3:54pm 66.1 6:36am 0 10 0.00 0 5 1:09pm ESE 30.03 67 19 76.7 86.3 4:28pm 67.6 6:46am 0 12 0.00 0 0 12:00am N 30.01 71 20 77.1 86.3 11:35am 67.9 6:28am 0 12 0.11 0 0 12:00am N 30.00 74 21 79.4 90.5 4:26pm 69.4 6:26am 0 14 0.00 0 0 12:00am N 30.02 73 22 80.7 92.1 4:08pm 70.9 6:44am 0 16 0.00 0 0 12:00am N 29.99 72 23 80.7 90.1 3:12pm 74.2 6:46am 0 16 0.00 0 0 12:00am N 29.97 71 24 79.4 89.7 2:08pm 69.3 6:50am 0 14 0.00 2 14 1:10pm NNE 30.09 60 25 77.8 91.2 4:03pm 64.0 6:19am 0 13 0.00 2 10 10:56am S 30.16 71 26 81.2 90.1 1:06pm 73.7 6:28am 0 16 0.00 3 14 4:38pm S 30.10 73 27 81.6 92.1 2:08pm 74.2 6:30am 0 17 0.00 3 14 5:32pm SW 29.98 76 28 83.6 95.9 2:03pm 73.9 6:43am 0 19 0.00 4 18 1:31pm WSW 29.92 65 29 83.9 94.3 4:10pm 75.3 6:29am 0 19 0.00 2 14 1:19pm NNE 29.90 68 30 85.2 98.2 2:08pm 74.4 6:39am 0 20 0.00 3 16 2:40pm WSW 29.84 66 31 86.0 96.6 1:45pm 78.3 7:14am 0 21 0.00 3 36 11:48pm S 29.74 68 --------------------------------------------------------------------------------------- TOT 77.5 98.2 8/30/13 56.3 8/15/13 7 352 0.45 1 28 8/31/13 S 29.97 71 HEAT BASE: 65.0 COOL BASE: 65.0