NOAA-Style Climate Reports

NOAA style reports

NOAA-style Climate Reports

2017: Jan | Feb | Mar | Apr | May | Jun | Jul | Aug | Sep | Oct | Nov | Dec 
 2016: Jan | Feb | Mar | Apr | May | Jun | Jul | Aug | Sep | Oct | Nov | Dec 
2015: Jan | Feb | Mar | Apr | May | Jun | Jul | Aug | Sep | Oct | Nov | Dec 
2014: Jan | Feb | Mar | Apr | May | Jun | Jul | Aug | Sep | Oct | Nov | Dec 
2013: Jan | Feb | Mar | Apr | May | Jun | Jul | Aug | Sep | Oct | Nov | Dec 

Report for 2013 09
MONTHLY CLIMATOLOGICAL SUMMARY FOR 9/2013 HEAT COOL MEAN DEG DEG WIND SPEED DOM MEAN MEAN DAY TEMP HIGH TIME LOW TIME DAYS DAYS RAIN AVG HI TIME DIR BAROM HUM --------------------------------------------------------------------------------------- 1 77.0 90.3 2:30pm 68.9 3:45am 0 12 0.89 4 32 12:02am S 29.74 80 2 78.1 87.8 2:41pm 71.6 4:01am 0 13 0.00 3 15 3:36pm NW 29.79 77 3 73.5 83.0 2:30pm 64.3 11:58pm 0 9 0.00 3 14 9:41am NNE 29.93 68 4 71.0 84.1 2:23pm 59.0 6:16am 1 7 0.00 1 9 12:06pm NNE 30.05 69 5 73.9 87.2 2:11pm 62.3 7:05am 0 9 0.00 2 10 2:18pm NNE 30.09 68 6 76.7 87.8 2:01pm 66.3 5:05am 0 12 0.00 1 11 1:28pm S 30.06 68 7 77.9 88.6 2:22pm 66.8 7:00am 0 12 0.00 2 13 11:41am S 29.95 71 8 76.6 80.3 5:08pm 72.5 6:43am 0 12 0.02 1 7 12:00am S 29.88 80 9 81.9 94.3 1:57pm 71.1 3:53am 0 17 0.00 2 11 9:50am S 29.90 71 10 84.3 94.0 2:28pm 76.8 6:32am 0 19 0.00 3 16 12:51pm S 30.00 69 11 82.6 94.9 2:20pm 74.6 6:39am 0 17 0.00 3 14 8:00pm S 30.03 70 12 78.6 89.7 2:25pm 71.1 11:59pm 0 13 0.02 3 16 10:16am NW 29.92 68 13 14 62.8 74.6 1:49pm 51.6 7:05am 5 2 0.00 2 13 11:33am NNE 30.04 60 15 67.3 82.0 1:34pm 51.9 6:50am 4 7 0.00 2 12 11:57am S 30.01 63 16 70.5 79.6 1:42pm 64.5 11:58pm 0 6 0.05 4 18 3:44pm NNE 30.08 69 17 68.6 78.6 3:13pm 59.3 5:50am 2 5 0.00 3 13 11:26am NE 30.11 68 18 72.0 81.8 4:29pm 65.3 1:18am 0 7 0.20 1 10 4:03pm S 30.01 80 19 77.9 88.0 2:54pm 69.8 6:45am 0 13 0.00 3 16 10:51am S 29.95 77 20 73.0 77.2 10:24am 68.8 11:46pm 0 8 0.59 2 13 9:51am S 29.83 87 21 65.2 76.5 2:10pm 57.0 11:58pm 2 3 0.11 4 20 2:14pm NW 29.79 72 22 62.6 74.4 1:12pm 52.0 7:13am 5 3 0.00 2 14 1:40pm NE 29.89 68 23 63.8 75.4 3:50pm 51.9 7:13am 4 3 0.00 2 13 12:48pm NE 29.93 66 24 69.0 81.8 2:29pm 56.2 4:59am 3 7 0.00 2 12 1:01pm NE 29.85 69 25 72.4 83.0 3:40pm 66.1 6:59am 0 7 0.00 2 22 4:13pm NE 29.77 75 26 70.8 83.6 1:45pm 61.5 11:52pm 1 6 0.00 2 11 3:33pm NE 29.90 69 27 68.6 82.2 2:04pm 54.7 6:11am 3 6 0.00 2 14 4:34pm NE 30.01 67 28 70.4 83.4 1:38pm 58.9 3:43am 2 7 0.00 3 15 1:14pm S 30.00 66 29 65.3 68.6 5:40am 63.5 12:11pm 0 1 0.52 3 13 7:16am S 29.95 86 30 67.8 74.6 3:14pm 63.9 1:49am 0 3 0.01 2 13 4:51pm S 29.92 87 --------------------------------------------------------------------------------------- TOT 72.2 94.9 9/11/13 51.6 9/14/13 33 246 2.41 2 29 9/1/13 S 29.94 72 HEAT BASE: 65.0 COOL BASE: 65.0