NOAA-Style Climate Reports

NOAA style reports

NOAA-style Climate Reports

2017: Jan | Feb | Mar | Apr | May | Jun | Jul | Aug | Sep | Oct | Nov | Dec 
 2016: Jan | Feb | Mar | Apr | May | Jun | Jul | Aug | Sep | Oct | Nov | Dec 
2015: Jan | Feb | Mar | Apr | May | Jun | Jul | Aug | Sep | Oct | Nov | Dec 
2014: Jan | Feb | Mar | Apr | May | Jun | Jul | Aug | Sep | Oct | Nov | Dec 
2013: Jan | Feb | Mar | Apr | May | Jun | Jul | Aug | Sep | Oct | Nov | Dec 

Report for 2013 10
MONTHLY CLIMATOLOGICAL SUMMARY FOR 10/2013 HEAT COOL MEAN DEG DEG WIND SPEED DOM MEAN MEAN DAY TEMP HIGH TIME LOW TIME DAYS DAYS RAIN AVG HI TIME DIR BAROM HUM --------------------------------------------------------------------------------------- 1 73.4 82.8 2:23pm 66.3 6:59am 0 8 0.00 2 12 11:54am S 29.95 79 2 72.7 77.7 2:38pm 68.8 11:52pm 0 7 1.47 3 21 5:43pm S 29.90 91 3 75.2 84.3 2:00pm 68.1 12:00am 0 10 0.02 2 16 3:30pm S 29.94 77 4 75.6 83.2 1:00pm 69.4 6:00am 0 11 0.28 2 14 2:00pm S 29.94 81 5 72.6 77.7 2:38pm 68.8 11:52pm 0 7 0.00 3 21 5:43pm S 29.89 91 6 60.4 68.9 4:10pm 50.2 11:14pm 5 1 1.07 4 22 8:16pm S 29.79 80 7 56.4 67.3 12:56pm 49.5 7:12am 9 0 0.00 3 18 1:15pm NW 29.97 72 8 57.9 70.6 4:00pm 47.0 6:48am 8 1 0.00 2 15 10:14am ENE 30.12 71 9 62.1 76.7 1:54pm 48.0 5:37am 6 3 0.00 1 8 3:50pm NE 30.08 74 10 66.7 80.9 12:44pm 55.1 4:35am 3 5 0.00 1 9 1:49pm NE 30.04 73 11 66.4 79.6 1:44pm 54.5 6:37am 3 4 0.00 1 12 3:24pm ESE 29.97 71 12 66.9 79.4 11:56am 55.1 6:40am 3 5 0.00 1 13 12:56pm S 29.99 79 13 66.0 76.0 12:43pm 58.0 6:56am 2 3 0.00 3 15 10:15am NNE 30.18 59 14 61.2 72.1 3:34pm 50.7 7:22am 5 1 0.00 3 11 2:05am NE 30.16 62 15 64.4 71.1 12:22pm 58.1 2:11am 2 2 0.19 2 18 3:18pm S 29.94 87 16 56.6 65.8 12:00am 49.1 10:49pm 8 0 0.05 2 18 2:56am NW 29.90 77 17 53.1 63.4 2:22pm 47.0 11:48pm 12 0 0.00 2 14 1:09pm NW 29.91 82 18 56.5 72.1 1:50pm 44.3 5:42am 9 1 0.00 2 12 11:45am S 29.93 72 19 50.7 57.8 3:48pm 45.7 9:55pm 14 0 0.00 3 16 12:32pm NW 29.91 76 20 53.8 66.1 1:18pm 44.1 4:21am 11 0 0.00 4 18 12:55pm S 29.95 65 21 55.6 67.6 3:01pm 47.9 7:10am 9 0 0.00 4 15 10:55am S 29.93 70 22 48.9 58.9 2:01pm 36.0 7:11am 16 0 0.00 2 22 9:20pm S 29.91 66 23 45.2 53.8 11:42am 40.1 8:25am 20 0 0.00 5 29 4:20am NW 29.97 66 24 42.6 47.7 1:12pm 35.8 11:57pm 22 0 0.00 3 21 2:16pm NW 30.17 63 25 40.6 55.3 1:44pm 29.7 7:37am 24 0 0.00 2 12 3:22pm NW 30.37 60 26 47.7 61.3 1:33pm 35.9 1:21am 17 0 0.00 4 22 8:58am S 30.08 62 27 48.1 63.7 12:04pm 33.8 6:35am 17 0 0.00 1 10 10:10am NE 30.03 62 28 52.5 69.9 12:17pm 38.2 6:40am 13 1 0.00 1 9 12:24pm NNE 30.13 61 29 51.2 58.0 10:26pm 42.1 5:00am 14 0 0.00 1 13 2:36pm ESE 30.16 92 30 67.5 74.9 1:52pm 58.0 12:00am 1 4 0.00 3 14 12:56pm S 29.98 85 31 64.0 68.3 3:43pm 55.1 11:53pm 2 1 0.00 6 28 7:08pm S 29.58 90 --------------------------------------------------------------------------------------- TOT 59.1 84.3 10/3/13 29.7 10/25/13 258 75 5.07 2 29 10/23/13 S 30.00 74 HEAT BASE: 65.0 COOL BASE: 65.0