NOAA-Style Climate Reports

NOAA style reports

NOAA-style Climate Reports

2017: Jan | Feb | Mar | Apr | May | Jun | Jul | Aug | Sep | Oct | Nov | Dec 
 2016: Jan | Feb | Mar | Apr | May | Jun | Jul | Aug | Sep | Oct | Nov | Dec 
2015: Jan | Feb | Mar | Apr | May | Jun | Jul | Aug | Sep | Oct | Nov | Dec 
2014: Jan | Feb | Mar | Apr | May | Jun | Jul | Aug | Sep | Oct | Nov | Dec 
2013: Jan | Feb | Mar | Apr | May | Jun | Jul | Aug | Sep | Oct | Nov | Dec 

Report for 2013 11
MONTHLY CLIMATOLOGICAL SUMMARY FOR 11/2013 HEAT COOL MEAN DEG DEG WIND SPEED DOM MEAN MEAN DAY TEMP HIGH TIME LOW TIME DAYS DAYS RAIN AVG HI TIME DIR BAROM HUM --------------------------------------------------------------------------------------- 1 57.5 69.8 12:37pm 47.0 11:58pm 8 0 0.00 4 20 12:26pm W 29.67 71 2 47.4 59.9 11:49am 38.3 11:52pm 17 0 0.00 2 20 8:47am NW 29.94 81 3 45.5 57.5 11:24am 33.7 6:30am 19 0 0.00 1 11 12:00pm ESE 30.21 71 4 52.5 62.0 11:43am 43.5 6:21am 12 0 0.00 3 14 11:47am S 30.22 65 5 57.9 64.7 12:34pm 50.5 4:26am 7 0 0.00 2 15 9:51pm S 30.20 63 6 55.0 59.9 1:13am 42.9 11:51pm 10 0 0.00 5 27 6:44pm S 30.03 80 7 44.9 55.9 12:25pm 35.9 6:41am 20 0 0.00 3 12 1:59pm NW 30.25 66 8 44.7 56.0 1:00pm 30.9 6:30am 20 0 0.00 1 10 12:30pm NW 30.26 59 9 53.7 66.0 1:00pm 41.5 12:30am 11 0 0.00 5 24 11:00am S 30.11 54 10 49.0 59.5 12:00pm 36.5 11:30pm 16 0 0.00 2 14 11:30am NW 30.27 63 11 49.7 66.0 1:30pm 34.1 4:30am 15 0 0.00 3 22 9:00pm S 30.18 60 12 35.6 43.6 12:52pm 28.2 11:43pm 28 0 0.00 5 22 10:40am NNE 30.54 65 13 34.3 44.3 1:02pm 22.5 6:38am 31 0 0.00 2 12 12:47pm S 30.54 58 14 44.2 56.9 1:00pm 31.3 6:30am 21 0 0.00 4 18 11:00am S 30.22 42 15 45.9 51.6 11:47am 38.0 6:00am 19 0 0.00 2 11 12:00am S 30.05 62 16 57.6 64.8 11:14pm 46.4 12:00am 7 0 0.00 5 24 10:20pm S 29.89 87 17 63.4 70.1 1:46pm 52.8 11:57pm 2 1 0.00 6 28 4:57pm S 29.65 79 18 35.1 43.5 11:30am 25.0 9:00pm 26 0 0.00 6 27 8:30pm NNE 30.46 64 19 40.1 48.2 2:00pm 33.7 7:00am 25 0 0.00 2 12 8:00am NE 30.24 63 20 43.9 55.4 4:00pm 30.6 6:30am 21 0 0.00 2 13 9:00am SSE 30.15 61 21 53.9 62.9 1:00pm 48.0 1:00am 11 0 0.00 2 12 1:00pm S 30.14 72 22 48.5 54.5 12:00am 40.5 11:30pm 16 0 0.00 4 23 6:30pm NNE 30.25 88 23 34.3 43.5 11:30am 22.9 11:30pm 29 0 0.00 6 27 8:30pm NNE 30.47 64 24 25.8 33.4 1:23pm 18.4 6:52am 38 0 0.00 3 12 8:09am NNE 30.59 54 25 33.2 38.9 2:33pm 27.0 12:00am 32 0 0.00 3 13 12:39pm S 30.28 59 26 35.8 38.8 2:00pm 30.6 11:30pm 29 0 0.00 4 25 11:30pm NNE 30.03 74 27 25.1 32.4 1:07pm 18.4 11:30pm 39 0 0.00 6 28 2:00am NW 30.21 54 28 29.5 42.3 3:00pm 17.5 3:30am 35 0 0.00 3 21 1:00pm S 30.34 58 29 33.6 46.0 1:30pm 20.8 6:30am 31 0 0.00 1 9 9:05am ENE 30.48 64 30 42.2 57.2 1:30pm 26.1 6:30am 23 0 0.00 3 18 12:30pm S 30.26 54 --------------------------------------------------------------------------------------- TOT 44.5 69.8 11/1/13 17.5 11/28/13 621 1 0.00 3 28 11/17/13 S 30.19 65 HEAT BASE: 65.0 COOL BASE: 65.0