NOAA-Style Climate Reports

NOAA style reports

NOAA-style Climate Reports

2017: Jan | Feb | Mar | Apr | May | Jun | Jul | Aug | Sep | Oct | Nov | Dec 
 2016: Jan | Feb | Mar | Apr | May | Jun | Jul | Aug | Sep | Oct | Nov | Dec 
2015: Jan | Feb | Mar | Apr | May | Jun | Jul | Aug | Sep | Oct | Nov | Dec 
2014: Jan | Feb | Mar | Apr | May | Jun | Jul | Aug | Sep | Oct | Nov | Dec 
2013: Jan | Feb | Mar | Apr | May | Jun | Jul | Aug | Sep | Oct | Nov | Dec 

Report for 2013 12
MONTHLY CLIMATOLOGICAL SUMMARY FOR 12/2013 HEAT COOL MEAN DEG DEG WIND SPEED DOM MEAN MEAN DAY TEMP HIGH TIME LOW TIME DAYS DAYS RAIN AVG HI TIME DIR BAROM HUM --------------------------------------------------------------------------------------- 1 46.3 56.6 12:58pm 39.2 11:59pm 18 0 0.00 2 9 8:39am SSW 30.01 62 2 45.7 58.0 1:36pm 33.1 6:57am 19 0 0.00 1 12 11:49am ESE 29.76 75 3 50.0 58.9 2:44pm 39.1 3:02am 15 0 0.00 2 11 10:19am SSE 29.69 86 4 61.3 69.6 1:11pm 49.4 12:12am 5 1 0.00 5 24 12:37pm S 29.65 84 5 39.9 63.2 12:01am 28.8 11:59pm 25 0 0.00 6 23 7:14am NW 29.99 85 6 24.9 28.8 12:00am 21.3 11:24pm 40 0 0.00 4 15 12:03am NNE 30.26 89 7 18.9 23.8 12:32pm 11.6 7:16am 46 0 0.00 4 14 12:30am NNE 30.53 76 8 28.1 32.7 7:25pm 22.1 12:00am 36 0 0.00 5 15 12:30am NE 30.14 89 9 28.6 34.0 12:14pm 24.2 11:50pm 36 0 0.00 4 18 12:43pm NNW 30.18 77 10 26.4 33.1 2:45pm 20.3 7:28am 39 0 0.00 4 18 11:54am SSW 30.27 72 11 26.4 37.9 11:30am 18.3 11:30pm 39 0 0.00 4 23 12:30pm SSW 30.41 75 12 19.4 26.7 1:25pm 8.4 6:07am 45 0 0.00 3 11 12:30am S 30.49 56 13 31.4 39.3 10:25am 21.6 6:07am 34 0 0.00 3 18 4:18pm SSE 30.17 70 14 35.3 38.2 12:10pm 31.9 11:50pm 30 0 0.00 4 26 8:23pm NW 29.85 94 15 30.2 31.9 12:00am 28.4 4:05am 35 0 0.00 6 20 4:04am NW 30.10 80 16 38.5 46.8 2:30pm 31.9 12:00am 26 0 0.00 3 14 2:30pm NW 30.01 78 17 33.2 39.5 2:30pm 28.7 7:00am 32 0 0.00 4 15 3:00pm W 30.12 80 18 36.9 46.5 2:57pm 22.5 7:16am 28 0 0.00 4 14 1:34pm S 30.16 55 19 50.3 60.1 12:50pm 38.8 2:02am 15 0 0.00 5 21 12:41pm S 29.96 66 20 58.9 62.4 10:30pm 55.4 7:09am 6 0 0.00 6 18 12:04am S 29.80 84 21 49.4 59.9 12:00am 42.3 11:34pm 16 0 0.00 3 33 5:24pm NNE 29.59 96 22 40.4 45.8 12:06pm 34.6 11:40pm 25 0 0.00 6 19 3:58am SW 29.86 94 23 30.1 34.6 12:00am 25.6 11:59pm 35 0 0.00 5 19 5:21am NW 30.36 75 24 20.9 26.6 12:32pm 14.0 7:10am 44 0 0.00 4 21 1:43am NW 30.51 57 25 30.6 40.3 1:42pm 20.6 12:28am 34 0 0.00 4 14 11:02am S 30.30 61 26 35.3 45.4 1:00pm 26.4 7:30am 30 0 0.00 3 13 12:20am SSE 30.31 68 27 39.4 50.2 1:00pm 29.4 3:07am 26 0 0.00 2 12 1:39pm S 30.32 69 28 41.4 48.2 1:47pm 31.8 7:03am 24 0 0.00 2 13 1:23pm S 30.14 67 29 37.8 51.6 11:55am 26.7 11:42pm 27 0 0.00 6 22 12:42pm NW 29.95 82 30 25.3 31.0 1:21pm 19.9 7:36am 40 0 0.00 3 15 12:00am NW 30.23 63 31 32.8 41.6 12:35pm 24.1 7:34am 32 0 0.00 4 13 10:09pm S 30.28 59 --------------------------------------------------------------------------------------- TOT 35.9 69.6 12/4/13 8.4 12/12/13 899 1 0.00 4 33 12/21/13 S 30.11 75 HEAT BASE: 65.0 COOL BASE: 65.0