NOAA-Style Climate Reports

NOAA style reports

NOAA-style Climate Reports

2017: Jan | Feb | Mar | Apr | May | Jun | Jul | Aug | Sep | Oct | Nov | Dec 
 2016: Jan | Feb | Mar | Apr | May | Jun | Jul | Aug | Sep | Oct | Nov | Dec 
2015: Jan | Feb | Mar | Apr | May | Jun | Jul | Aug | Sep | Oct | Nov | Dec 
2014: Jan | Feb | Mar | Apr | May | Jun | Jul | Aug | Sep | Oct | Nov | Dec 
2013: Jan | Feb | Mar | Apr | May | Jun | Jul | Aug | Sep | Oct | Nov | Dec 

Report for 2014 01
MONTHLY CLIMATOLOGICAL SUMMARY FOR 1/2014 HEAT COOL MEAN DEG DEG WIND SPEED DOM MEAN MEAN DAY TEMP HIGH TIME LOW TIME DAYS DAYS RAIN AVG HI TIME DIR BAROM HUM --------------------------------------------------------------------------------------- 1 38.6 76.8 8:11am -50.1 8:11am 25 0 0.28 3 14 2:21am S 30.10 63 2 25.7 40.2 12:00am 15.6 11:46pm 39 0 0.04 8 32 12:57pm NW 30.08 79 3 20.0 27.8 12:54pm 10.9 7:09am 45 0 0.00 4 16 4:03pm SSE 30.38 66 4 34.7 44.2 1:01pm 23.0 12:00am 30 0 0.00 7 26 9:41am S 30.05 47 5 32.0 40.8 1:10am 8.6 11:53pm 33 0 0.59 6 40 10:29pm NW 29.80 81 6 1.5 8.6 12:00am -2.4 7:15am 64 0 0.00 7 32 12:42am NW 30.40 57 7 10.7 18.9 3:55pm -1.6 12:00am 54 0 0.00 5 20 10:56am S 30.43 57 8 28.1 34.3 2:15pm 17.8 12:00am 37 0 0.02 4 16 3:04am S 30.37 62 9 33.6 37.5 11:33am 30.4 7:04am 31 0 0.06 3 12 3:42pm SSE 30.31 78 10 42.5 49.1 11:55pm 35.2 12:00am 23 0 0.34 3 14 6:16pm SSE 29.93 90 11 43.4 49.4 12:54am 36.8 11:30pm 22 0 0.00 5 21 6:46am WSW 29.66 87 12 42.6 53.2 1:24pm 29.8 6:00am 22 0 0.00 4 20 3:29pm SSE 29.91 67 13 48.4 51.6 3:48pm 39.8 11:57pm 17 0 0.00 5 21 5:42am S 29.72 75 14 39.3 56.7 1:07pm 27.3 6:42am 26 0 0.00 4 25 2:49pm NW 29.85 74 15 27.1 32.8 11:20am 20.2 9:31pm 38 0 0.01 4 20 12:51am NW 30.07 65 16 32.6 42.2 1:37pm 21.6 12:00am 32 0 0.00 5 21 10:13am S 29.83 66 17 23.3 35.2 2:09am 18.8 9:06am 42 0 0.00 6 25 5:01am WNW 29.96 70 18 28.4 37.0 4:04pm 18.8 5:28am 37 0 0.02 4 24 4:10pm S 29.88 69 19 34.7 42.3 2:28pm 26.0 7:36am 30 0 0.00 7 28 1:44am SSW 29.91 66 20 42.4 54.4 1:28pm 32.5 7:28am 23 0 0.00 4 18 12:00am SW 29.83 62 21 23.0 38.2 12:00am 11.1 11:45pm 42 0 0.00 6 33 8:52am NNW 30.07 71 22 18.0 25.3 4:24pm 9.3 3:31am 47 0 0.00 4 18 10:06pm SSE 30.12 69 23 11.7 21.6 12:00am 4.8 6:52am 53 0 0.00 6 26 12:43am NW 30.54 56 24 17.1 27.5 11:47pm 3.7 5:23am 48 0 0.00 7 28 9:29pm SSW 30.36 52 25 32.3 46.1 11:59am 21.4 11:53pm 33 0 0.00 8 31 12:01pm SW 29.78 46 26 40.6 56.7 1:00pm 21.1 12:22am 24 0 0.00 5 24 12:00pm SSE 29.67 46 27 18.3 37.9 12:00am 8.3 11:55pm 46 0 0.00 7 44 12:00am N 30.24 44 28 10.5 18.8 2:22pm 4.7 7:02am 55 0 0.00 3 12 12:00am NNE 30.43 46 29 18.9 31.2 1:12pm 4.3 3:00am 45 0 0.00 4 19 2:18pm SSW 30.33 47 30 48.5 59.8 3:00pm 37.0 12:00am 14 0 0.00 5 23 11:00am S 29.85 72 --------------------------------------------------------------------------------------- TOT 48.5 59.8 2/1/14 37.0 2/1/14 1075 0 0.00 5 23 2/1/14 S 29.85 72 HEAT BASE: 65.0 COOL BASE: 65.0