NOAA-Style Climate Reports

NOAA style reports

NOAA-style Climate Reports

2017: Jan | Feb | Mar | Apr | May | Jun | Jul | Aug | Sep | Oct | Nov | Dec 
 2016: Jan | Feb | Mar | Apr | May | Jun | Jul | Aug | Sep | Oct | Nov | Dec 
2015: Jan | Feb | Mar | Apr | May | Jun | Jul | Aug | Sep | Oct | Nov | Dec 
2014: Jan | Feb | Mar | Apr | May | Jun | Jul | Aug | Sep | Oct | Nov | Dec 
2013: Jan | Feb | Mar | Apr | May | Jun | Jul | Aug | Sep | Oct | Nov | Dec 

Report for 2014 02
MONTHLY CLIMATOLOGICAL SUMMARY FOR 2/2014 HEAT COOL MEAN DEG DEG WIND SPEED DOM MEAN MEAN DAY TEMP HIGH TIME LOW TIME DAYS DAYS RAIN AVG HI TIME DIR BAROM HUM --------------------------------------------------------------------------------------- 1 47.4 60.1 2:38pm 36.8 11:58pm 17 0 0.00 5 23 11:00am S 29.86 74 2 31.7 36.8 12:00am 27.6 10:26pm 33 0 0.00 5 19 2:18pm NNE 30.10 87 3 28.7 37.2 1:43pm 21.4 7:05am 36 0 0.00 3 19 2:36am NNE 30.25 70 4 29.4 32.5 12:50pm 25.1 12:23am 36 0 0.00 3 22 2:42pm NNE 30.07 83 5 26.9 31.8 12:00am 21.1 11:50pm 38 0 0.00 0 14 11:06pm NW 30.12 87 6 15.4 21.1 12:00am 8.1 11:51pm 50 0 0.00 5 16 12:56am NW 30.48 72 7 14.2 22.7 12:54pm 5.8 3:35am 51 0 0.03 2 9 4:04pm NE 30.43 66 8 24.8 30.4 11:56pm 17.8 2:44am 40 0 0.00 2 10 1:51am S 30.21 81 9 28.7 36.0 11:54am 21.0 11:36pm 36 0 0.00 4 18 12:41pm NNW 30.16 80 10 17.2 22.4 1:23pm 8.3 11:55pm 48 0 0.00 4 15 8:04am NNE 30.36 63 11 14.5 26.0 2:45pm 4.1 6:27am 50 0 0.00 3 12 12:23am NNE 30.41 57 12 24.5 38.2 2:08pm 12.8 5:45am 41 0 0.03 2 11 8:39pm NNE 30.11 59 13 31.4 42.2 1:30pm 18.4 7:00am 34 0 0.00 3 15 5:00pm NE 29.82 58 14 29.9 37.9 11:33am 18.8 11:55pm 34 0 0.00 3 29 8:38pm NNW 29.71 85 15 22.8 30.3 1:10pm 12.6 6:42am 42 0 0.00 4 21 12:00am SSE 30.08 70 16 29.9 36.8 11:43am 24.1 6:56am 35 0 0.00 3 16 1:05pm NNE 30.10 73 17 34.2 42.3 3:41pm 24.4 12:00am 31 0 0.00 6 27 4:16pm SE 29.97 82 18 44.7 58.4 12:39pm 28.1 6:20am 20 0 0.00 3 21 12:31pm S 29.93 58 19 48.0 57.8 12:55pm 41.1 7:13am 17 0 0.00 3 19 3:31am WNW 29.89 63 20 56.5 68.6 3:21pm 40.6 11:55pm 9 1 0.00 8 38 8:06pm S 29.62 71 21 45.1 55.1 1:21pm 36.8 5:23am 20 0 0.00 6 26 10:41am S 29.87 46 22 49.5 66.1 1:57pm 32.5 6:03am 15 0 0.00 4 16 12:33am SSW 29.94 45 23 37.1 46.2 12:10pm 27.3 11:57pm 28 0 0.00 5 21 9:01am NNE 30.09 64 24 31.9 44.3 12:02pm 22.9 6:53am 33 0 0.00 3 15 1:49pm NNE 30.26 50 25 31.7 41.6 10:57am 25.4 11:54pm 32 0 0.00 4 18 3:48pm NNE 30.17 57 26 22.1 29.7 2:00pm 14.1 6:30am 43 0 0.00 6 23 12:36am NW 30.12 53 27 26.7 35.5 10:55am 18.9 11:57pm 38 0 0.00 6 26 10:14am NNE 30.02 40 28 30.6 43.6 4:10pm 16.5 3:53am 34 0 0.00 3 15 8:57am SE 30.07 41 --------------------------------------------------------------------------------------- TOT 31.3 68.6 2/20/14 4.1 2/11/14 942 1 0.06 4 37 2/20/14 S 30.08 66 HEAT BASE: 65.0 COOL BASE: 65.0