NOAA-Style Climate Reports

NOAA style reports

NOAA-style Climate Reports

2017: Jan | Feb | Mar | Apr | May | Jun | Jul | Aug | Sep | Oct | Nov | Dec 
 2016: Jan | Feb | Mar | Apr | May | Jun | Jul | Aug | Sep | Oct | Nov | Dec 
2015: Jan | Feb | Mar | Apr | May | Jun | Jul | Aug | Sep | Oct | Nov | Dec 
2014: Jan | Feb | Mar | Apr | May | Jun | Jul | Aug | Sep | Oct | Nov | Dec 
2013: Jan | Feb | Mar | Apr | May | Jun | Jul | Aug | Sep | Oct | Nov | Dec 

Report for 2014 03
MONTHLY CLIMATOLOGICAL SUMMARY FOR 3/2014 HEAT COOL MEAN DEG DEG WIND SPEED DOM MEAN MEAN DAY TEMP HIGH TIME LOW TIME DAYS DAYS RAIN AVG HI TIME DIR BAROM HUM --------------------------------------------------------------------------------------- 1 44.9 53.3 12:16pm 37.3 12:00am 20 0 0.00 2 18 8:04pm NNE 30.07 58 2 27.4 37.8 12:00am 16.2 11:57pm 38 0 0.01 2 22 6:24am NNE 30.14 86 3 19.2 26.4 1:23pm 15.2 1:58am 46 0 0.00 1 11 4:51pm NNE 30.32 74 4 23.8 34.3 1:17pm 12.6 6:26am 41 0 0.00 2 12 9:59am NE 30.23 63 5 31.4 44.2 4:00pm 19.7 4:00am 34 0 0.00 2 13 7:30pm NNE 30.19 68 6 35.8 47.7 1:35pm 26.3 6:33am 29 0 0.00 3 14 7:36am NNE 30.12 63 7 41.9 58.3 1:48pm 24.4 6:10am 23 0 0.00 2 11 2:31pm S 29.97 66 8 44.3 62.6 12:54pm 34.6 11:59pm 21 0 0.00 4 23 3:15pm SSW 30.05 72 9 39.5 50.4 1:32pm 25.8 6:34am 26 0 0.00 3 12 2:51pm S 30.17 65 10 52.5 69.1 2:00pm 37.3 4:01am 13 0 0.00 6 22 2:00pm SSW 29.84 63 11 63.2 79.0 1:56pm 48.3 5:46am 5 4 0.00 5 16 2:15pm S 29.58 57 12 43.1 64.2 12:00am 31.6 11:45pm 22 0 0.01 10 34 11:01am NW 29.74 75 13 39.0 51.6 3:15pm 23.6 6:21am 26 0 0.00 4 15 3:08pm SSE 30.11 56 14 53.3 65.8 3:30pm 41.1 12:44am 12 0 0.00 8 31 11:00am SSE 29.90 49 15 53.5 68.1 12:32pm 34.4 6:30am 11 0 0.00 2 14 1:39pm SSE 29.96 50 16 37.9 51.1 12:14am 30.0 11:57pm 27 0 0.04 8 28 1:59pm NNE 29.89 68 17 33.8 42.9 3:48pm 27.6 5:47am 31 0 0.00 3 18 2:02am NNE 29.85 65 18 42.1 56.2 4:39pm 28.7 5:58am 23 0 0.00 5 21 5:26pm SSE 29.80 79 19 49.0 61.5 10:04am 34.4 11:58pm 16 0 0.01 6 24 10:23am S 29.86 71 20 47.5 64.7 3:02pm 27.9 5:52am 18 0 0.00 3 21 1:55pm SSW 30.05 55 21 58.1 73.2 1:52pm 44.2 5:41am 8 1 0.00 5 22 2:56pm SSW 29.87 39 22 49.4 58.7 12:52pm 40.6 11:57pm 16 0 0.00 6 21 11:34am NNE 30.06 53 23 39.5 49.8 1:27pm 30.1 11:52pm 25 0 0.00 5 23 1:09pm NNE 30.27 51 24 35.6 48.0 1:24pm 26.0 5:45am 29 0 0.00 3 20 5:41pm NNE 30.22 51 25 34.4 44.1 12:53pm 26.6 11:56pm 31 0 0.00 6 31 10:44am NW 30.13 55 26 35.4 47.0 3:23pm 19.5 5:56am 30 0 0.00 3 16 3:02pm SSE 30.25 42 27 51.3 62.6 4:20pm 39.3 3:20am 14 0 0.05 9 30 5:42pm S 29.87 49 28 54.9 63.2 1:13pm 47.1 11:59pm 10 0 0.10 5 25 12:00am NNE 29.89 71 29 42.7 47.1 12:00am 38.2 11:59pm 22 0 0.02 6 24 12:47pm NNW 30.03 84 30 45.8 59.5 2:40pm 30.4 6:13am 19 0 0.00 2 13 12:18pm S 30.16 62 31 56.7 72.1 3:20pm 35.5 5:58am 10 1 0.00 5 20 12:25pm SSE 29.98 46 --------------------------------------------------------------------------------------- TOT 42.8 79.0 3/11/14 12.6 3/4/14 694 7 0.24 4 34 3/12/14 NNE 30.02 62 HEAT BASE: 65.0 COOL BASE: 65.0