NOAA-Style Climate Reports

NOAA style reports

NOAA-style Climate Reports

2017: Jan | Feb | Mar | Apr | May | Jun | Jul | Aug | Sep | Oct | Nov | Dec 
 2016: Jan | Feb | Mar | Apr | May | Jun | Jul | Aug | Sep | Oct | Nov | Dec 
2015: Jan | Feb | Mar | Apr | May | Jun | Jul | Aug | Sep | Oct | Nov | Dec 
2014: Jan | Feb | Mar | Apr | May | Jun | Jul | Aug | Sep | Oct | Nov | Dec 
2013: Jan | Feb | Mar | Apr | May | Jun | Jul | Aug | Sep | Oct | Nov | Dec 

Report for 2014 04
MONTHLY CLIMATOLOGICAL SUMMARY FOR 4/2014 HEAT COOL MEAN DEG DEG WIND SPEED DOM MEAN MEAN DAY TEMP HIGH TIME LOW TIME DAYS DAYS RAIN AVG HI TIME DIR BAROM HUM --------------------------------------------------------------------------------------- 1 2 3 60.6 64.5 8:00am 57.2 12:00am 4 0 1.48 4 32 10:00pm NE 29.73 95 4 51.8 60.5 12:01am 44.3 11:54pm 13 0 0.00 7 30 9:00am NW 29.79 77 5 46.6 55.9 12:40pm 39.9 11:53pm 18 0 0.00 3 22 12:04am NNE 30.12 56 6 50.6 62.0 3:06pm 36.5 5:19am 14 0 0.00 2 19 10:35am NNE 29.97 56 7 49.8 54.8 4:14am 45.2 8:30pm 15 0 0.09 5 24 4:00pm NNE 29.58 84 8 51.6 62.1 2:30pm 43.8 2:00am 13 0 0.02 3 18 5:00pm SW 29.74 80 9 54.2 66.6 3:00pm 41.9 7:00am 11 0 0.00 3 16 12:30pm NW 29.98 57 10 63.9 78.6 3:43pm 50.5 6:00am 5 4 0.00 6 25 3:30pm SSW 29.89 46 11 65.7 74.2 3:27pm 56.7 11:57pm 2 3 0.00 3 11 12:39pm SSW 29.95 53 12 67.6 81.6 2:19pm 52.2 5:51am 4 6 0.00 5 23 3:12pm S 29.92 59 13 71.8 78.3 1:14pm 66.3 7:01am 0 7 0.02 7 23 12:01am S 29.74 58 14 54.9 67.1 12:00am 38.5 11:40pm 10 0 0.58 7 33 12:48am NW 29.70 91 15 40.1 47.7 2:01pm 34.4 7:25am 25 0 0.01 5 23 12:38pm NW 30.08 61 16 44.1 55.1 5:09pm 31.6 3:47am 21 0 0.00 5 21 1:58pm SE 30.22 50 17 56.0 69.8 2:43pm 38.3 6:08am 10 1 0.00 3 19 10:13am S 30.20 48 18 60.8 76.5 2:04pm 43.6 7:19am 7 3 0.00 1 13 2:48pm NNE 30.17 51 19 64.3 77.4 3:06pm 51.7 6:43am 4 4 0.00 3 15 12:48pm NE 30.15 43 20 64.2 78.8 3:09pm 47.7 7:04am 5 4 0.00 1 10 4:27pm S 30.10 45 21 65.6 78.8 3:11pm 52.9 6:32am 3 4 0.03 2 18 4:11pm SSW 29.92 61 22 64.9 74.4 2:08pm 53.5 11:59pm 2 2 0.00 4 23 1:13pm NW 29.83 60 23 56.7 67.3 4:17pm 46.5 6:49am 8 0 0.00 3 15 8:50am NNE 29.98 45 24 63.5 66.4 12:00am 61.0 7:54am 1 0 1.32 4 25 6:55am SSE 29.58 92 25 64.0 73.2 3:00pm 56.3 9:00am 3 2 0.16 5 25 12:30pm NW 29.75 63 26 65.8 79.0 3:00pm 50.4 7:00am 4 5 0.00 2 13 1:30pm S 29.85 51 27 67.2 80.3 1:00pm 58.9 6:30am 2 4 0.61 3 28 2:00pm SSE 29.73 71 28 64.0 67.3 4:00pm 61.0 7:54am 1 0 0.47 5 25 6:55am SSE 29.55 91 29 61.7 73.7 12:08pm 54.4 6:00am 4 1 0.02 4 31 2:30pm S 29.57 74 30 54.1 61.3 12:10pm 47.7 7:01am 11 0 0.00 3 19 1:16pm WNW 29.78 72 --------------------------------------------------------------------------------------- TOT 58.8 81.6 4/12/14 31.6 4/16/14 221 49 4.96 4 33 4/14/14 S 29.86 62 HEAT BASE: 65.0 COOL BASE: 65.0