NOAA-Style Climate Reports

NOAA style reports

NOAA-style Climate Reports

2017: Jan | Feb | Mar | Apr | May | Jun | Jul | Aug | Sep | Oct | Nov | Dec 
 2016: Jan | Feb | Mar | Apr | May | Jun | Jul | Aug | Sep | Oct | Nov | Dec 
2015: Jan | Feb | Mar | Apr | May | Jun | Jul | Aug | Sep | Oct | Nov | Dec 
2014: Jan | Feb | Mar | Apr | May | Jun | Jul | Aug | Sep | Oct | Nov | Dec 
2013: Jan | Feb | Mar | Apr | May | Jun | Jul | Aug | Sep | Oct | Nov | Dec 

Report for 2014 05
MONTHLY CLIMATOLOGICAL SUMMARY FOR 5/2014 HEAT COOL MEAN DEG DEG WIND SPEED DOM MEAN MEAN DAY TEMP HIGH TIME LOW TIME DAYS DAYS RAIN AVG HI TIME DIR BAROM HUM --------------------------------------------------------------------------------------- 1 53.7 62.9 1:31pm 46.8 5:32am 11 0 0.00 5 24 12:06pm WSW 29.87 63 2 53.6 61.6 3:25pm 44.3 6:44am 11 0 0.00 3 21 2:58pm W 29.87 63 3 61.4 75.1 4:02pm 46.0 2:20am 6 2 0.00 4 16 10:16am WSW 29.85 57 4 67.5 84.1 3:39pm 49.9 6:30am 4 7 0.00 1 11 4:48pm NE 29.87 58 5 73.2 87.6 3:19pm 57.0 6:39am 1 9 0.00 3 21 2:10pm S 29.75 49 6 74.2 86.5 2:45pm 63.5 5:46am 0 9 0.00 3 15 5:07pm S 29.74 50 7 75.6 84.5 2:27pm 65.5 6:39am 0 11 0.00 5 24 1:46pm S 29.82 50 8 76.6 85.1 3:10pm 67.6 6:16am 0 12 0.00 5 21 1:37am S 29.90 59 9 70.6 79.4 2:31pm 63.2 6:44pm 0 6 0.54 4 52 5:00pm S 29.82 74 10 71.2 79.8 3:54pm 64.7 12:00am 0 6 0.02 3 14 11:30am S 29.86 80 11 73.8 85.9 2:36pm 66.1 6:20am 0 9 0.01 2 19 2:22pm S 29.91 80 12 75.1 82.4 12:13pm 71.5 1:57am 0 10 0.23 2 20 1:30pm S 29.92 82 13 73.4 84.3 3:30pm 59.9 11:57pm 0 9 0.30 4 26 11:29am S 29.94 79 14 56.3 60.7 2:35pm 50.7 11:53pm 9 0 1.17 4 19 4:29pm NNE 29.93 92 15 54.1 64.3 4:12pm 48.3 6:24am 11 0 0.20 4 24 8:39pm NW 29.96 78 16 53.1 60.4 1:30pm 47.7 5:00am 12 0 0.02 4 23 1:59pm W 29.99 70 17 53.3 64.5 12:53pm 41.3 6:41am 12 0 0.00 2 13 4:10pm NE 30.13 61 18 56.4 68.4 3:11pm 41.3 6:23am 9 0 0.00 2 16 1:11pm NE 30.18 57 19 63.5 76.0 4:13pm 47.0 6:24am 6 4 0.00 3 18 5:02pm SSE 30.09 59 20 74.8 85.1 3:09pm 64.3 6:00am 0 10 0.00 5 25 11:55am S 29.92 61 21 76.4 88.0 4:13pm 66.8 3:28am 0 11 0.00 4 27 8:00pm S 29.89 67 22 77.9 89.0 2:53pm 71.3 5:31am 0 13 0.00 3 15 1:50pm S 29.94 62 23 72.5 83.2 2:47pm 63.9 6:20am 0 8 0.01 2 14 7:26pm NE 30.02 56 24 71.4 82.4 4:08pm 58.3 6:22am 1 7 0.00 2 13 11:50am NE 30.05 51 25 72.7 81.8 4:08pm 66.0 6:47am 0 8 0.00 2 15 4:02pm SE 30.02 54 26 77.7 89.9 3:46pm 65.6 6:15am 0 13 0.00 2 15 5:37pm S 29.98 62 27 78.0 89.7 1:30pm 71.5 11:10pm 0 13 0.01 3 18 5:43pm WSW 29.92 66 28 77.1 87.8 3:07pm 68.6 5:57am 0 12 0.00 2 14 4:41pm S 29.88 65 29 76.2 85.1 4:20pm 70.4 5:57am 0 11 0.06 1 8 3:19pm S 29.91 76 30 75.3 83.4 11:24am 69.9 6:00am 0 10 0.09 1 11 2:30pm NE 29.96 80 31 77.8 87.8 3:42pm 68.9 6:00am 0 13 0.00 2 14 2:19pm ENE 29.99 65 --------------------------------------------------------------------------------------- TOT 69.2 89.9 5/26/14 41.3 5/17/14 93 222 2.65 3 52 5/9/14 S 29.93 65 HEAT BASE: 65.0 COOL BASE: 65.0