NOAA-Style Climate Reports

NOAA style reports

NOAA-style Climate Reports

2017: Jan | Feb | Mar | Apr | May | Jun | Jul | Aug | Sep | Oct | Nov | Dec 
 2016: Jan | Feb | Mar | Apr | May | Jun | Jul | Aug | Sep | Oct | Nov | Dec 
2015: Jan | Feb | Mar | Apr | May | Jun | Jul | Aug | Sep | Oct | Nov | Dec 
2014: Jan | Feb | Mar | Apr | May | Jun | Jul | Aug | Sep | Oct | Nov | Dec 
2013: Jan | Feb | Mar | Apr | May | Jun | Jul | Aug | Sep | Oct | Nov | Dec 

Report for 2014 06
MONTHLY CLIMATOLOGICAL SUMMARY FOR 6/2014 HEAT COOL MEAN DEG DEG WIND SPEED DOM MEAN MEAN DAY TEMP HIGH TIME LOW TIME DAYS DAYS RAIN AVG HI TIME DIR BAROM HUM --------------------------------------------------------------------------------------- 1 77.0 89.9 2:38pm 67.4 6:35am 0 12 0.00 3 16 2:51pm S 29.97 67 2 74.2 79.2 1:54pm 71.8 10:00pm 0 9 0.45 4 20 8:39am S 29.95 85 3 76.4 87.0 3:50pm 71.1 2:00am 0 11 0.00 3 18 6:00pm WSW 29.91 83 4 75.9 87.6 3:22pm 69.8 7:30pm 0 11 0.94 3 24 12:17pm S 29.74 85 5 69.4 74.0 4:35pm 64.8 6:24am 0 4 0.00 2 15 3:13am NE 29.80 81 6 72.9 82.2 3:17pm 63.2 5:10am 0 8 0.00 1 11 3:42pm NE 29.87 71 7 74.5 83.4 3:03pm 63.4 6:30am 0 10 0.08 3 15 10:49am S 29.82 70 8 72.4 79.2 3:23pm 66.1 7:57am 0 7 0.00 4 25 9:22am NW 29.81 73 9 71.3 75.1 6:04pm 67.3 5:55am 0 6 0.02 2 15 2:26pm NE 29.82 75 10 70.8 77.6 5:21pm 67.1 3:13am 0 6 0.36 3 14 5:36pm S 29.69 88 11 72.5 82.2 4:14pm 67.4 2:29am 0 7 0.12 3 16 4:45pm S 29.67 81 12 73.7 85.9 2:32pm 63.2 6:03am 0 9 0.00 2 12 11:51pm W 29.78 73 13 72.5 80.9 3:17pm 61.6 11:57pm 0 8 0.01 4 18 11:31am NW 29.88 58 14 68.4 79.9 3:26pm 54.4 5:15am 3 6 0.00 2 14 5:22pm SE 29.99 52 15 76.5 87.4 1:24pm 63.4 5:19am 0 12 0.00 3 24 4:20pm S 29.93 59 16 83.1 92.3 2:47pm 75.4 6:02am 0 18 0.00 4 18 1:16pm S 29.98 63 17 83.8 91.8 3:30pm 75.6 6:13am 0 19 0.00 4 19 5:18pm S 29.94 63 18 84.1 93.4 3:14pm 76.1 5:48am 0 19 0.00 4 18 5:27pm S 29.94 65 19 85.1 94.3 3:10pm 76.8 6:23am 0 20 0.00 3 15 3:43pm S 29.96 63 20 84.0 92.5 1:48pm 76.8 5:51am 0 19 0.00 3 23 2:31pm WSW 29.89 66 21 83.5 93.6 2:30pm 73.3 6:19am 0 18 0.00 2 13 12:24pm NE 29.84 57 22 81.8 91.8 3:42pm 73.0 5:48am 0 17 0.00 2 12 12:13pm WNW 29.80 63 23 79.7 92.5 1:46pm 73.3 3:26pm 0 15 0.40 2 40 2:48pm S 29.80 73 24 75.4 80.7 11:56am 72.5 11:44pm 0 10 0.39 3 15 10:22am S 29.81 86 25 79.3 90.5 3:40pm 69.4 6:18am 0 14 0.00 3 14 11:33am W 29.90 69 26 76.9 89.5 12:41pm 70.8 6:23am 0 12 0.40 1 21 5:00pm S 29.92 76 27 77.3 86.7 3:30pm 69.4 5:30am 0 12 0.01 2 11 5:30pm S 29.94 77 28 79.9 87.0 4:00pm 73.0 6:00am 0 15 0.00 3 20 3:30pm S 29.97 73 29 78.4 84.3 3:30pm 73.3 6:00am 0 13 0.00 5 20 10:00am S 29.97 73 30 81.9 92.1 3:00pm 73.9 6:30am 0 17 0.00 4 19 6:30pm S 29.83 74 --------------------------------------------------------------------------------------- TOT 77.1 94.3 6/19/14 54.4 6/14/14 3 365 3.17 3 40 6/23/14 S 29.87 71 HEAT BASE: 65.0 COOL BASE: 65.0