NOAA-Style Climate Reports

NOAA style reports

NOAA-style Climate Reports

2017: Jan | Feb | Mar | Apr | May | Jun | Jul | Aug | Sep | Oct | Nov | Dec 
 2016: Jan | Feb | Mar | Apr | May | Jun | Jul | Aug | Sep | Oct | Nov | Dec 
2015: Jan | Feb | Mar | Apr | May | Jun | Jul | Aug | Sep | Oct | Nov | Dec 
2014: Jan | Feb | Mar | Apr | May | Jun | Jul | Aug | Sep | Oct | Nov | Dec 
2013: Jan | Feb | Mar | Apr | May | Jun | Jul | Aug | Sep | Oct | Nov | Dec 

Report for 2014 07
MONTHLY CLIMATOLOGICAL SUMMARY FOR 7/2014 HEAT COOL MEAN DEG DEG WIND SPEED DOM MEAN MEAN DAY TEMP HIGH TIME LOW TIME DAYS DAYS RAIN AVG HI TIME DIR BAROM HUM --------------------------------------------------------------------------------------- 1 80.9 91.6 2:30pm 71.3 11:30pm 0 16 0.83 4 24 6:00pm S 29.76 78 2 75.3 85.1 3:00pm 68.6 11:30pm 0 10 0.00 4 18 5:00pm NW 29.88 74 3 68.4 76.0 5:30pm 60.5 6:30am 1 4 0.00 3 13 8:30am NW 30.05 72 4 71.1 80.5 2:00pm 59.2 6:30am 1 7 0.00 2 19 12:00pm NE 30.18 61 5 72.2 82.8 4:00pm 58.9 6:30am 1 8 0.00 2 13 1:00pm S 30.13 59 6 75.7 85.3 4:30pm 64.7 5:30am 0 11 0.00 3 19 1:30pm S 29.95 64 7 77.5 90.7 2:34pm 70.4 5:30am 0 12 0.02 5 44 5:30pm S 29.80 73 8 78.9 88.4 4:15pm 72.7 7:51am 0 14 0.00 4 20 12:16pm WSW 29.77 75 9 78.1 87.8 2:43pm 67.3 6:29am 0 13 0.00 2 12 12:02pm WNW 29.88 65 10 77.8 88.8 3:18pm 67.3 6:43am 0 13 0.00 2 13 5:31pm NE 30.00 56 11 77.8 91.2 2:31pm 65.3 6:28am 0 13 0.00 2 15 3:02pm NE 30.07 59 12 78.5 85.5 4:21pm 73.9 1:26am 0 14 0.02 2 14 3:16pm S 30.03 74 13 83.2 93.4 3:07pm 73.3 11:55pm 0 18 0.00 5 28 9:55pm S 29.89 72 14 76.5 86.3 4:12pm 71.8 5:11am 0 12 0.01 4 22 6:07pm WSW 29.82 83 15 70.3 78.6 2:48pm 63.4 6:48am 0 5 0.00 4 19 1:08pm NW 29.88 63 16 67.8 79.6 3:40pm 57.3 6:21am 2 5 0.01 2 12 2:24pm NW 29.94 67 17 70.1 83.0 3:16pm 57.3 6:28am 2 7 0.00 2 11 5:00pm NE 30.01 61 18 71.0 81.8 2:19pm 63.1 4:58am 0 6 0.00 3 16 4:52pm NE 30.02 62 19 70.5 80.9 3:26pm 61.8 6:14am 1 6 0.01 2 15 12:45pm NE 29.95 74 20 74.4 86.3 2:10pm 63.5 6:44am 0 9 0.00 1 10 4:42pm NW 29.95 69 21 77.3 89.0 3:57pm 65.0 6:24am 0 12 0.00 1 11 2:11pm NW 29.98 69 22 80.9 93.8 3:17pm 68.3 6:18am 0 16 0.01 1 11 1:46pm S 29.97 67 23 76.7 83.6 2:22pm 71.3 11:58pm 0 12 0.00 3 16 7:44pm NNE 29.93 79 24 71.8 82.8 3:13pm 61.0 6:40am 1 7 0.00 3 18 3:19pm NNE 29.96 61 25 70.8 81.6 2:07pm 59.5 6:24am 1 7 0.00 1 15 6:10pm S 29.95 66 26 78.0 93.2 3:51pm 65.2 2:39am 0 13 0.00 4 32 8:27pm S 29.84 75 27 82.1 92.5 3:04pm 74.0 12:00am 0 17 0.00 4 23 3:20pm S 29.75 73 28 72.7 83.2 3:21pm 65.3 6:44am 0 8 0.00 4 20 12:41pm NW 29.92 63 29 69.5 82.4 2:57pm 55.9 6:12am 2 6 0.00 3 16 11:08am NW 30.01 61 30 72.2 85.1 1:52pm 60.4 6:30am 1 8 0.00 2 14 6:37pm W 30.00 66 31 73.9 86.3 2:11pm 61.8 6:52am 0 9 0.00 1 10 11:23am WNW 29.99 67 --------------------------------------------------------------------------------------- TOT 74.9 93.8 7/22/14 55.9 7/29/14 12 318 0.91 3 44 7/7/14 NE 29.94 68 HEAT BASE: 65.0 COOL BASE: 65.0