NOAA-Style Climate Reports

NOAA style reports

NOAA-style Climate Reports

2017: Jan | Feb | Mar | Apr | May | Jun | Jul | Aug | Sep | Oct | Nov | Dec 
 2016: Jan | Feb | Mar | Apr | May | Jun | Jul | Aug | Sep | Oct | Nov | Dec 
2015: Jan | Feb | Mar | Apr | May | Jun | Jul | Aug | Sep | Oct | Nov | Dec 
2014: Jan | Feb | Mar | Apr | May | Jun | Jul | Aug | Sep | Oct | Nov | Dec 
2013: Jan | Feb | Mar | Apr | May | Jun | Jul | Aug | Sep | Oct | Nov | Dec 

Report for 2014 08
MONTHLY CLIMATOLOGICAL SUMMARY FOR 8/2014 HEAT COOL MEAN DEG DEG WIND SPEED DOM MEAN MEAN DAY TEMP HIGH TIME LOW TIME DAYS DAYS RAIN AVG HI TIME DIR BAROM HUM --------------------------------------------------------------------------------------- 1 75.8 88.2 2:48pm 65.2 5:24am 0 11 0.00 1 11 10:07pm NE 29.98 63 2 77.0 88.2 1:32pm 68.4 5:18am 0 12 0.00 3 14 2:58pm NE 30.00 62 3 76.8 88.4 2:28pm 65.3 6:43am 0 12 0.00 1 10 11:29am NE 30.03 63 4 76.6 89.3 2:14pm 65.0 5:57am 0 12 0.00 1 10 11:38am NE 30.00 63 5 75.4 85.1 4:38pm 65.2 5:38am 0 10 0.00 1 11 10:30am S 29.95 72 6 79.9 90.3 3:22pm 69.9 6:34am 0 15 0.00 2 14 11:22am NE 29.92 69 7 78.2 86.7 4:06pm 74.0 7:00am 0 11 0.00 2 11 4:00pm WSW 29.87 81 8 74.9 83.4 4:30pm 70.4 7:00am 0 10 0.01 2 11 7:30pm NE 29.86 89 9 78.8 87.0 1:00pm 73.9 6:30am 0 14 0.00 2 14 12:00pm NW 29.86 83 10 78.1 86.7 4:06pm 74.0 7:00am 0 13 0.00 2 11 4:00pm W 29.87 81 11 78.7 88.2 2:37pm 73.2 2:45am 0 14 0.00 3 20 4:31pm NW 29.79 79 12 74.3 83.8 3:00pm 65.8 11:59pm 0 9 0.00 5 20 1:47pm NW 29.84 66 13 71.3 84.5 1:54pm 59.2 7:11am 1 7 0.00 1 18 1:06pm NW 29.97 63 14 73.5 86.3 2:19pm 60.7 6:46am 1 9 0.00 2 15 3:05pm W 29.96 66 15 75.3 86.1 2:19pm 65.6 7:12am 0 10 0.00 2 9 12:54pm NE 29.94 66 16 74.5 81.8 12:57pm 72.0 6:27am 0 10 0.00 1 12 1:16pm S 29.89 78 17 73.1 76.8 6:14pm 70.1 9:17am 0 8 0.00 2 20 4:54am ESE 29.79 92 18 75.3 82.2 5:48pm 70.1 5:30am 0 10 0.00 1 9 9:55am NW 29.77 87 19 78.9 88.8 12:57pm 68.9 6:36am 0 14 0.00 2 14 1:07pm S 29.74 79 20 79.4 88.0 1:30pm 71.6 6:30am 0 14 0.00 2 16 2:30pm S 29.85 75 21 82.4 92.3 2:30pm 73.3 6:30am 0 17 0.00 3 15 3:30am S 29.93 73 22 83.6 90.7 2:30pm 76.8 6:30am 0 19 0.00 3 14 9:00am S 29.89 76 23 83.8 94.7 3:30pm 76.7 10:08pm 0 18 0.01 3 26 7:22pm S 29.86 75 24 82.0 91.2 4:16pm 74.0 6:35am 0 17 0.00 1 10 12:50pm ESE 29.88 75 25 83.1 94.0 2:52pm 73.5 6:26am 0 17 0.00 1 9 2:00pm NE 29.93 74 26 84.5 94.3 1:13pm 75.1 6:43am 0 19 0.00 1 10 4:47pm NE 29.97 71 27 83.7 96.6 1:43pm 74.6 6:26am 0 18 0.00 1 11 8:10pm NE 29.97 69 28 79.6 91.4 3:11pm 72.3 8:50pm 0 14 0.00 1 25 6:53pm NE 29.92 79 29 80.7 92.5 1:29pm 72.0 3:27am 0 16 0.00 2 16 1:59pm S 29.88 74 30 75.7 82.0 11:54am 71.5 9:05pm 0 11 0.01 2 11 3:41pm S 29.92 83 31 76.6 85.1 4:44pm 72.3 12:00am 0 12 0.00 1 10 1:31am S 29.90 86 --------------------------------------------------------------------------------------- TOT 78.0 96.6 8/27/14 59.2 8/13/14 2 404 0.08 2 26 8/23/14 S 29.90 75 HEAT BASE: 65.0 COOL BASE: 65.0