NOAA-Style Climate Reports

NOAA style reports

NOAA-style Climate Reports

2017: Jan | Feb | Mar | Apr | May | Jun | Jul | Aug | Sep | Oct | Nov | Dec 
 2016: Jan | Feb | Mar | Apr | May | Jun | Jul | Aug | Sep | Oct | Nov | Dec 
2015: Jan | Feb | Mar | Apr | May | Jun | Jul | Aug | Sep | Oct | Nov | Dec 
2014: Jan | Feb | Mar | Apr | May | Jun | Jul | Aug | Sep | Oct | Nov | Dec 
2013: Jan | Feb | Mar | Apr | May | Jun | Jul | Aug | Sep | Oct | Nov | Dec 

Report for 2014 09
MONTHLY CLIMATOLOGICAL SUMMARY FOR 9/2014 HEAT COOL MEAN DEG DEG WIND SPEED DOM MEAN MEAN DAY TEMP HIGH TIME LOW TIME DAYS DAYS RAIN AVG HI TIME DIR BAROM HUM --------------------------------------------------------------------------------------- 1 79.4 85.5 12:38pm 73.9 8:26am 0 14 0.00 4 26 12:19pm S 29.86 82 2 78.3 88.6 2:30pm 70.4 7:20am 0 13 0.00 3 18 4:18am S 29.87 80 3 76.9 88.6 3:46pm 66.0 6:53am 0 12 0.00 1 9 1:10pm NE 29.94 73 4 80.2 92.7 2:02pm 68.9 6:44am 0 15 0.01 2 13 2:43pm S 29.96 71 5 81.2 93.8 2:35pm 73.3 6:59am 0 16 0.00 2 14 12:25pm S 29.97 71 6 73.6 81.6 12:48pm 67.8 11:43pm 0 9 0.56 3 22 12:13am NW 30.00 78 7 70.6 82.2 2:33pm 59.8 7:04am 1 6 0.00 4 16 10:30am NE 30.05 65 8 70.3 85.3 2:03pm 56.3 7:02am 2 7 0.00 1 11 1:14pm NE 29.99 63 9 73.3 86.3 2:31pm 59.3 7:07am 1 9 0.00 2 10 9:01pm S 29.93 67 10 79.1 84.9 3:52pm 73.3 2:46am 0 14 0.21 5 21 2:13pm S 29.74 77 11 67.0 74.2 12:00am 60.7 11:41pm 1 3 0.45 3 16 12:00am NNE 29.94 87 12 61.4 65.6 2:52pm 57.8 5:38am 4 0 0.00 3 13 2:35am NE 30.10 83 13 59.5 69.1 1:06pm 51.4 8:19am 6 1 0.00 3 21 1:18pm NNE 30.21 64 14 60.5 75.8 3:59pm 47.9 6:29am 7 2 0.00 1 10 2:12pm NE 30.18 67 15 65.3 79.6 2:43pm 51.9 6:48am 5 5 0.00 1 10 12:50pm S 30.06 70 16 62.7 69.9 12:00am 52.8 11:58pm 3 1 0.00 3 14 1:43am NE 30.06 77 17 60.6 73.9 1:06pm 46.4 7:04am 6 2 0.00 1 14 10:41am NE 29.96 72 18 67.0 76.3 2:50pm 59.9 7:14am 1 3 0.00 3 14 10:22am NE 29.95 64 19 67.9 81.1 2:55pm 54.8 7:13am 3 6 0.00 2 12 12:18pm NE 29.99 63 20 73.6 88.8 2:42pm 58.7 6:15am 1 10 0.00 3 18 3:47pm S 29.93 71 21 73.2 81.4 2:30pm 62.3 11:30pm 0 8 0.92 5 19 12:00pm S 29.88 65 22 62.9 73.9 4:30pm 54.2 7:30am 4 2 0.00 2 14 9:00am NE 30.13 63 23 62.1 75.3 2:27pm 47.3 7:11am 6 3 0.00 1 13 12:45pm NE 30.20 61 24 64.9 81.2 2:46pm 49.1 6:58am 5 5 0.00 1 10 2:19pm NE 30.19 66 25 68.8 84.7 12:54pm 53.9 6:48am 3 7 0.00 1 9 11:48am NE 30.15 65 26 70.7 85.5 2:04pm 55.4 7:08am 3 8 0.00 1 11 3:26pm NE 30.10 65 27 72.1 85.3 1:22pm 57.6 7:24am 1 8 0.00 2 13 2:06pm NE 30.06 65 28 75.0 89.3 2:23pm 64.7 7:24am 0 10 0.03 1 8 12:17pm S 29.99 69 29 74.0 89.3 2:12pm 61.3 7:15am 0 9 0.01 1 11 4:07pm NE 29.90 66 30 72.6 89.9 2:04pm 57.2 7:20am 2 9 0.00 1 10 12:48pm NE 29.84 64 --------------------------------------------------------------------------------------- TOT 70.2 93.8 9/5/14 46.4 9/17/14 65 220 2.19 2 26 9/1/14 NE 30.00 70 HEAT BASE: 65.0 COOL BASE: 65.0