NOAA-Style Climate Reports

NOAA style reports

NOAA-style Climate Reports

2017: Jan | Feb | Mar | Apr | May | Jun | Jul | Aug | Sep | Oct | Nov | Dec 
 2016: Jan | Feb | Mar | Apr | May | Jun | Jul | Aug | Sep | Oct | Nov | Dec 
2015: Jan | Feb | Mar | Apr | May | Jun | Jul | Aug | Sep | Oct | Nov | Dec 
2014: Jan | Feb | Mar | Apr | May | Jun | Jul | Aug | Sep | Oct | Nov | Dec 
2013: Jan | Feb | Mar | Apr | May | Jun | Jul | Aug | Sep | Oct | Nov | Dec 

Report for 2014 10
MONTHLY CLIMATOLOGICAL SUMMARY FOR 10/2014 HEAT COOL MEAN DEG DEG WIND SPEED DOM MEAN MEAN DAY TEMP HIGH TIME LOW TIME DAYS DAYS RAIN AVG HI TIME DIR BAROM HUM --------------------------------------------------------------------------------------- 1 73.6 89.3 2:40pm 60.7 7:09am 1 9 0.00 2 10 9:09am S 29.84 63 2 77.5 89.7 1:58pm 67.4 3:33am 0 12 0.00 4 22 6:41pm S 29.78 59 3 63.2 77.6 12:00am 47.4 11:18pm 4 2 0.34 6 31 7:02pm NW 29.72 79 4 50.3 60.4 1:31pm 41.9 11:55pm 15 0 0.00 5 24 10:52am WSW 29.88 59 5 55.5 72.0 4:35pm 39.1 4:07am 11 1 0.00 2 21 4:26pm S 29.75 60 6 61.7 72.8 4:09pm 52.2 3:54am 5 2 0.09 3 28 6:00pm S 29.69 69 7 65.4 76.7 4:30pm 57.5 11:59pm 3 3 0.12 4 24 1:00pm W 29.74 72 8 63.6 80.1 2:08pm 47.7 7:13am 6 4 0.00 1 13 2:00pm WNW 29.98 61 9 65.0 75.8 2:39pm 57.0 4:08am 3 3 0.04 1 18 10:50pm NE 29.98 71 10 57.0 59.6 12:00am 51.3 11:51pm 8 0 0.62 3 18 7:44pm NE 29.94 95 11 54.8 59.3 3:25pm 51.0 1:14am 10 0 0.00 3 16 12:00am NE 30.03 84 12 61.2 69.4 2:51pm 54.7 6:19am 5 1 0.16 1 10 1:59pm ESE 29.91 86 13 68.9 78.1 4:03pm 64.0 8:37pm 0 4 1.37 4 31 6:07pm S 29.73 88 14 60.9 67.3 11:56am 55.9 11:37pm 4 0 0.39 6 27 11:03am S 29.53 86 15 54.7 56.7 12:14pm 52.8 11:09pm 10 0 0.34 4 18 2:52pm W 29.70 96 16 55.5 62.0 4:34pm 51.4 7:19am 9 0 0.00 2 12 9:11am WNW 29.80 87 17 63.0 78.1 1:49pm 52.2 3:53am 5 3 0.00 5 22 2:48pm S 29.73 67 18 55.5 65.8 1:49pm 49.4 6:55am 9 0 0.00 3 21 3:25pm NW 29.98 69 19 52.8 62.4 2:44pm 41.8 7:54am 12 0 0.00 1 9 12:03am NE 30.12 69 20 59.3 74.0 4:06pm 46.2 2:49am 8 2 0.02 3 19 4:24pm S 29.91 71 21 55.5 68.9 1:02pm 44.5 7:19am 10 0 0.00 2 15 1:05pm NE 30.01 66 22 52.1 64.2 1:49pm 41.8 7:38am 13 0 0.00 2 12 10:36am NE 30.18 69 23 51.3 66.0 2:03pm 38.8 6:57am 14 0 0.00 1 10 9:23am W 30.13 72 24 57.2 72.0 1:59pm 43.9 3:54am 9 1 0.00 1 10 2:51pm S 30.02 74 25 65.6 82.0 2:14pm 52.8 1:03am 4 5 0.00 2 11 10:39am S 29.93 72 26 63.2 76.8 1:01pm 48.0 6:47am 5 3 0.00 1 10 11:24am ESE 29.90 61 27 70.7 83.2 1:10pm 58.9 4:46am 2 7 0.00 4 28 10:37am S 29.79 62 28 62.9 70.3 12:04am 56.2 11:56pm 3 1 0.64 3 27 8:19am S 29.91 74 29 53.7 66.0 12:29pm 42.2 11:53pm 11 0 0.00 2 21 12:43pm NW 30.06 61 30 50.0 62.0 1:07pm 36.9 6:30am 15 0 0.00 1 8 11:01am NE 30.05 67 31 45.5 52.2 12:00am 38.8 11:48pm 20 0 0.01 7 35 4:19pm NW 30.05 66 --------------------------------------------------------------------------------------- TOT 59.6 89.7 10/2/14 36.9 10/30/14 232 64 4.14 3 35 10/31/14 S 29.90 72 HEAT BASE: 65.0 COOL BASE: 65.0