NOAA-Style Climate Reports

NOAA style reports

NOAA-style Climate Reports

2017: Jan | Feb | Mar | Apr | May | Jun | Jul | Aug | Sep | Oct | Nov | Dec 
 2016: Jan | Feb | Mar | Apr | May | Jun | Jul | Aug | Sep | Oct | Nov | Dec 
2015: Jan | Feb | Mar | Apr | May | Jun | Jul | Aug | Sep | Oct | Nov | Dec 
2014: Jan | Feb | Mar | Apr | May | Jun | Jul | Aug | Sep | Oct | Nov | Dec 
2013: Jan | Feb | Mar | Apr | May | Jun | Jul | Aug | Sep | Oct | Nov | Dec 

Report for 2014 11
MONTHLY CLIMATOLOGICAL SUMMARY FOR 11/2014 HEAT COOL MEAN DEG DEG WIND SPEED DOM MEAN MEAN DAY TEMP HIGH TIME LOW TIME DAYS DAYS RAIN AVG HI TIME DIR BAROM HUM --------------------------------------------------------------------------------------- 1 40.8 51.4 1:53pm 30.6 11:57pm 24 0 0.00 4 23 9:39am NNE 30.28 56 2 42.1 54.1 2:23pm 26.1 6:37am 23 0 0.00 2 10 9:26am S 30.35 52 3 55.1 69.4 1:31pm 41.9 2:49am 10 1 0.00 4 23 12:28pm S 30.21 38 4 54.6 59.8 11:11am 51.9 6:03am 10 0 0.48 3 21 11:31am S 30.08 71 5 53.0 56.7 1:36pm 47.9 7:20am 12 0 0.00 1 14 9:20pm SW 30.10 88 6 47.4 55.9 9:41am 42.8 11:42pm 18 0 0.00 7 32 11:39am NW 30.02 74 7 43.5 53.2 2:11pm 33.8 7:02am 21 0 0.00 2 14 12:00am NE 30.09 59 8 45.7 58.9 11:06am 35.9 11:53pm 19 0 0.00 4 22 11:11am S 29.91 68 9 45.3 57.8 2:38pm 31.8 6:45am 20 0 0.00 2 14 11:43am S 29.94 65 10 54.9 67.4 1:55pm 40.1 4:47am 10 0 0.00 5 27 3:18pm S 29.76 54 11 48.8 63.1 9:15am 35.2 10:24pm 16 0 0.04 6 25 6:37pm S 29.85 72 12 34.0 36.0 11:07am 30.7 11:22pm 30 0 0.00 4 15 3:40pm NNW 30.26 68 13 29.6 36.9 1:33pm 26.1 6:06am 35 0 0.00 6 23 1:02pm NW 30.33 56 14 29.6 38.9 11:59am 22.7 6:46am 35 0 0.00 2 13 9:53am NW 30.36 58 15 36.5 40.5 11:27am 33.1 12:31am 20 0 0.01 1 8 3:36pm SSW 30.07 79 16 35.8 40.5 11:27am 31.9 11:42pm 28 0 0.03 1 9 9:00pm NW 30.03 82 17 26.7 31.9 12:00am 18.9 11:49pm 38 0 0.19 4 21 8:49pm NW 30.01 76 18 21.1 27.6 12:15pm 14.3 5:57am 44 0 0.04 5 21 2:57pm SW 30.25 58 19 34.5 47.1 1:03pm 20.0 12:00am 30 0 0.05 6 27 2:04pm S 30.03 61 20 29.6 38.6 12:17pm 21.6 5:10am 35 0 0.00 3 16 10:45am WSW 30.19 61 21 33.3 42.6 2:37pm 20.5 4:44am 32 0 0.00 4 15 12:10pm SE 30.35 55 22 53.3 64.8 1:48pm 39.8 3:16am 12 0 0.01 5 22 9:50am S 30.08 54 23 54.1 58.1 8:44pm 49.8 3:05am 11 0 1.22 5 20 6:27pm SSE 29.55 81 24 49.1 60.5 4:19am 38.5 11:57pm 16 0 0.21 6 38 6:07am SW 29.57 76 25 36.7 46.5 12:55pm 27.3 11:59pm 28 0 0.00 3 15 12:38pm NNW 30.09 69 26 32.5 40.9 12:29pm 22.2 7:13am 33 0 0.11 2 11 2:35pm SE 30.05 78 27 30.2 34.7 11:49am 21.9 11:57pm 35 0 0.07 5 21 6:08am NW 30.33 81 28 34.1 43.3 3:26pm 21.3 12:45am 31 0 0.00 5 20 3:07pm S 30.21 69 29 50.6 60.1 11:25pm 39.6 12:00am 14 0 0.00 6 21 8:22am S 29.85 71 30 61.7 69.9 11:31am 46.2 11:53pm 4 1 0.10 7 24 11:23am SSW 29.89 76 --------------------------------------------------------------------------------------- TOT 41.4 69.9 11/30/14 14.3 11/18/14 697 2 2.55 4 32 11/6/14 S 30.08 66 HEAT BASE: 65.0 COOL BASE: 65.0