NOAA-Style Climate Reports

NOAA style reports

NOAA-style Climate Reports

2017: Jan | Feb | Mar | Apr | May | Jun | Jul | Aug | Sep | Oct | Nov | Dec 
 2016: Jan | Feb | Mar | Apr | May | Jun | Jul | Aug | Sep | Oct | Nov | Dec 
2015: Jan | Feb | Mar | Apr | May | Jun | Jul | Aug | Sep | Oct | Nov | Dec 
2014: Jan | Feb | Mar | Apr | May | Jun | Jul | Aug | Sep | Oct | Nov | Dec 
2013: Jan | Feb | Mar | Apr | May | Jun | Jul | Aug | Sep | Oct | Nov | Dec 

Report for 2014 12
MONTHLY CLIMATOLOGICAL SUMMARY FOR 12/2014 HEAT COOL MEAN DEG DEG WIND SPEED DOM MEAN MEAN DAY TEMP HIGH TIME LOW TIME DAYS DAYS RAIN AVG HI TIME DIR BAROM HUM --------------------------------------------------------------------------------------- 1 36.0 46.2 12:00am 33.5 6:26pm 29 0 0.40 5 20 3:10pm NNE 30.36 89 2 35.0 36.9 12:42pm 32.8 5:15am 30 0 0.00 3 14 8:04pm NE 30.22 90 3 40.3 49.9 12:55pm 35.6 1:23am 25 0 0.00 3 14 1:09am WSW 30.26 73 4 39.0 41.5 11:52pm 36.9 12:00am 26 0 0.26 2 14 8:35am SE 30.24 92 5 49.3 57.6 5:51pm 41.5 12:00am 16 0 0.96 1 13 11:02pm SE 30.06 98 6 43.6 52.6 12:00am 40.1 11:23pm 21 0 0.07 6 23 4:35am NNE 30.27 87 7 40.0 44.5 2:05pm 34.1 7:39am 25 0 0.00 3 14 2:24am NE 30.41 69 8 42.6 51.3 2:29pm 34.0 5:54am 22 0 0.01 3 16 4:54pm S 30.15 76 9 39.0 44.6 12:00am 35.5 8:27am 26 0 0.00 6 21 6:06am NW 30.20 80 10 37.4 40.8 10:30am 34.9 11:30pm 28 0 0.00 4 13 1:09am NNW 30.25 74 11 34.5 42.9 12:30pm 25.8 11:30pm 31 0 0.00 2 11 1:00am NNE 30.24 69 12 32.0 41.1 2:30pm 21.6 7:30am 33 0 0.00 1 7 12:00pm S 30.32 81 13 42.9 46.7 1:59pm 38.5 12:00am 22 0 0.00 2 10 3:38pm S 30.22 82 14 46.4 49.5 1:54pm 43.8 3:39am 19 0 0.01 2 10 3:44pm SSE 30.09 92 15 47.2 52.0 11:02pm 44.6 11:46am 18 0 0.35 5 23 2:44pm SSE 29.84 90 16 42.4 52.0 12:00am 35.2 11:21pm 23 0 0.02 7 23 11:04am WNW 29.95 83 17 33.7 40.2 2:14pm 30.0 11:46pm 31 0 0.00 3 15 12:53am NW 30.25 73 18 32.1 35.5 1:01pm 29.5 3:35am 32 0 0.00 2 9 12:00am NNE 30.23 76 19 33.4 40.3 1:11pm 30.0 8:31am 32 0 0.00 3 12 11:00pm NE 30.24 70 20 32.7 38.9 2:21pm 26.1 11:56pm 32 0 0.00 1 9 12:48am NE 30.24 73 21 33.4 44.6 2:52pm 23.2 4:30am 32 0 0.00 2 11 10:41am SE 30.14 74 22 44.8 51.4 11:46pm 32.2 12:36am 20 0 0.13 5 20 5:04pm SSE 29.74 85 23 50.2 52.5 3:29am 46.0 11:54pm 15 0 0.12 2 20 11:21pm NNE 29.64 92 24 42.5 46.0 12:00am 38.9 11:44pm 22 0 0.22 6 20 11:26am NNE 29.61 92 25 42.6 50.2 1:49pm 38.6 12:58am 22 0 0.00 5 20 2:01pm S 30.02 73 26 46.9 58.7 1:22pm 35.0 7:00am 18 0 0.00 5 18 12:33pm S 30.11 71 27 46.8 49.2 1:10pm 39.3 11:59pm 18 0 0.44 4 22 7:32pm S 30.07 90 28 35.3 39.3 12:00am 32.8 11:55pm 30 0 0.00 4 14 12:04am NNE 30.14 86 29 33.8 39.9 2:51pm 30.1 11:23pm 31 0 0.01 4 15 9:47am NNE 30.23 74 30 30.8 40.1 12:43pm 21.9 11:51pm 34 0 0.00 5 22 11:07am NNE 30.50 68 31 24.2 31.8 12:59pm 17.2 7:38am 41 0 0.00 3 12 2:00am NNE 30.51 52 --------------------------------------------------------------------------------------- TOT 39.0 58.7 12/26/14 17.2 12/31/14 803 0 3.00 3 23 12/6/14 NNE 30.15 80 HEAT BASE: 65.0 COOL BASE: 65.0