NOAA-Style Climate Reports

NOAA style reports

NOAA-style Climate Reports

2017: Jan | Feb | Mar | Apr | May | Jun | Jul | Aug | Sep | Oct | Nov | Dec 
 2016: Jan | Feb | Mar | Apr | May | Jun | Jul | Aug | Sep | Oct | Nov | Dec 
2015: Jan | Feb | Mar | Apr | May | Jun | Jul | Aug | Sep | Oct | Nov | Dec 
2014: Jan | Feb | Mar | Apr | May | Jun | Jul | Aug | Sep | Oct | Nov | Dec 
2013: Jan | Feb | Mar | Apr | May | Jun | Jul | Aug | Sep | Oct | Nov | Dec 

Report for 2015 01
MONTHLY CLIMATOLOGICAL SUMMARY FOR 1/2015 HEAT COOL MEAN DEG DEG WIND SPEED DOM MEAN MEAN DAY TEMP HIGH TIME LOW TIME DAYS DAYS RAIN AVG HI TIME DIR BAROM HUM --------------------------------------------------------------------------------------- 1 32.9 42.2 2:59pm 24.4 2:08am 32 0 0.00 6 20 2:24pm SW 30.23 60 2 36.6 38.0 2:21pm 34.9 7:20am 28 0 0.09 3 11 10:30pm SE 30.22 86 3 48.5 59.5 3:38pm 38.0 12:00am 17 0 1.56 4 25 1:28pm SSE 29.83 96 4 37.2 51.7 12:45am 20.2 11:59pm 28 0 0.06 7 29 2:36pm NW 30.09 82 5 21.5 26.9 12:34pm 15.6 7:18am 44 0 0.00 4 15 12:00am NW 30.55 56 6 28.7 37.8 12:07pm 23.9 8:20pm 36 0 0.00 5 18 10:10am NW 30.31 61 7 14.8 24.1 12:00am 5.4 11:39pm 50 0 0.00 8 30 1:42pm NNW 30.63 56 8 13.6 25.6 10:32pm 3.0 4:36am 51 0 0.00 5 26 7:46pm S 30.43 51 9 21.7 28.2 1:19pm 13.6 11:57pm 43 0 0.00 6 28 5:00am NW 30.36 46 10 19.5 29.3 2:02pm 7.2 7:12am 46 0 0.00 3 13 1:18pm SSE 30.49 50 11 34.0 39.5 1:48pm 26.1 12:00am 31 0 0.22 3 13 1:54pm SSE 30.31 63 12 34.4 36.8 9:51am 26.9 11:43pm 31 0 0.14 4 21 7:08pm NNE 30.28 88 13 26.7 29.4 2:09pm 23.2 7:37am 38 0 0.00 5 18 12:16am NNE 30.46 67 14 27.1 33.2 2:07pm 22.2 7:48am 37 0 0.00 3 11 4:16am NNW 30.31 67 15 32.0 40.3 1:08pm 28.1 6:05am 33 0 0.00 4 13 1:52pm SSW 30.16 74 16 35.6 48.5 1:13pm 24.8 7:38am 29 0 0.01 1 10 12:31am S 30.13 75 17 43.5 56.6 1:24pm 28.5 12:47am 22 0 0.03 5 22 2:32pm S 29.92 63 18 43.1 55.3 1:32pm 31.2 11:42pm 22 0 0.00 4 21 2:37pm WSW 29.92 63 19 39.8 57.3 1:16pm 25.6 7:02am 25 0 0.00 1 9 12:04pm NE 29.90 64 20 43.1 59.2 12:37pm 27.5 7:18am 21 0 0.00 3 16 2:21pm NW 29.89 66 21 42.6 57.5 12:50pm 30.9 11:57pm 22 0 0.00 4 25 2:40pm SSW 30.09 66 22 34.1 45.7 12:08pm 25.0 5:37am 31 0 0.00 2 12 11:57pm NNE 30.34 76 23 34.6 39.5 2:23pm 29.1 11:56pm 30 0 0.00 3 12 12:00am NE 30.10 72 24 38.3 51.6 1:41pm 24.2 3:59am 27 0 0.00 4 16 10:20am SSW 29.80 68 25 41.2 42.5 4:16am 32.5 11:56pm 24 0 0.33 4 24 11:39pm S 29.62 82 26 31.1 32.5 12:00am 30.4 2:17am 34 0 0.00 5 24 12:00am NW 29.91 83 27 33.4 36.2 10:48am 31.0 12:00am 32 0 0.02 2 10 11:04am NNE 30.04 87 28 36.5 44.1 2:36pm 28.4 7:19am 28 0 0.01 5 18 10:22am SSE 30.17 59 29 43.2 54.5 8:45am 35.6 11:49pm 22 0 0.02 7 27 10:16am NW 30.01 70 30 35.5 44.8 1:43pm 24.8 11:52pm 29 0 0.00 4 21 3:31am NNW 30.40 60 31 34.2 43.1 12:48pm 22.7 2:14am 31 0 0.00 2 14 9:54pm S 30.27 64 --------------------------------------------------------------------------------------- TOT 33.5 59.5 1/3/15 3.0 1/8/15 975 0 2.49 4 29 1/4/15 S 30.17 69 HEAT BASE: 65.0 COOL BASE: 65.0