NOAA-Style Climate Reports

NOAA style reports

NOAA-style Climate Reports

2017: Jan | Feb | Mar | Apr | May | Jun | Jul | Aug | Sep | Oct | Nov | Dec 
 2016: Jan | Feb | Mar | Apr | May | Jun | Jul | Aug | Sep | Oct | Nov | Dec 
2015: Jan | Feb | Mar | Apr | May | Jun | Jul | Aug | Sep | Oct | Nov | Dec 
2014: Jan | Feb | Mar | Apr | May | Jun | Jul | Aug | Sep | Oct | Nov | Dec 
2013: Jan | Feb | Mar | Apr | May | Jun | Jul | Aug | Sep | Oct | Nov | Dec 

Report for 2015 02
MONTHLY CLIMATOLOGICAL SUMMARY FOR 2/2015 HEAT COOL MEAN DEG DEG WIND SPEED DOM MEAN MEAN DAY TEMP HIGH TIME LOW TIME DAYS DAYS RAIN AVG HI TIME DIR BAROM HUM --------------------------------------------------------------------------------------- 1 42.3 47.0 4:22pm 37.2 11:30pm 23 0 0.58 5 25 10:08pm SSE 29.74 77 2 26.4 35.9 12:00am 20.2 8:36am 38 0 0.00 7 31 4:30am NW 30.13 67 3 32.5 42.5 3:16pm 22.1 5:39am 32 0 0.00 5 19 12:32pm S 30.21 62 4 38.5 55.6 1:37pm 23.0 11:57pm 27 0 0.00 6 25 5:07pm SSW 30.09 63 5 21.9 30.6 1:54pm 14.3 7:04am 42 0 0.02 3 23 1:26am NNE 30.40 57 6 31.9 45.2 4:30pm 15.4 2:30am 33 0 0.00 4 15 9:30am NNE 30.23 60 7 48.2 62.6 2:00pm 34.0 2:00am 17 0 0.00 6 23 12:30pm S 29.90 57 8 53.7 57.6 2:00pm 48.9 11:30pm 11 0 0.00 6 20 1:30am SSW 29.71 74 9 36.0 47.7 12:00am 31.0 11:55pm 28 0 0.00 6 21 12:03pm NNE 29.98 80 10 35.4 44.3 2:33pm 29.3 11:35pm 30 0 0.00 3 13 12:00am NNE 30.11 63 11 37.7 54.5 1:39pm 27.6 2:14am 27 0 0.00 5 24 7:05pm NW 30.07 67 12 25.2 30.7 12:31pm 20.2 11:59pm 39 0 0.00 7 32 7:31am NW 30.32 56 13 26.7 38.6 3:46pm 15.6 7:12am 38 0 0.00 4 16 7:37pm NNE 30.26 49 14 27.1 35.2 11:57am 11.1 11:46pm 38 0 0.00 8 33 12:47pm NNE 30.10 55 15 16.7 22.7 1:52pm 9.7 5:36am 48 0 0.00 4 15 8:11am NE 30.42 47 16 18.1 23.0 1:53pm 9.9 11:55pm 47 0 0.00 4 15 11:06am NE 30.06 74 17 18.1 29.8 3:41pm 1.8 6:37am 47 0 0.20 4 14 9:33pm SSW 30.02 70 18 16.5 26.3 12:00am 2.0 11:24pm 49 0 0.06 6 29 11:24am NW 30.09 61 19 5.9 16.1 1:03pm -2.8 6:59am 59 0 0.00 4 19 10:16am WNW 30.40 52 20 13.1 29.7 11:30pm -1.4 1:31am 52 0 0.00 5 18 11:49am SSE 30.25 60 21 32.2 34.9 3:35pm 27.0 11:54pm 31 0 0.18 2 15 12:30am NNW 29.92 93 22 27.9 33.5 10:53am 19.7 11:57pm 35 0 0.04 5 20 4:18pm NNE 30.34 76 23 17.2 23.9 2:39pm 10.5 6:54am 47 0 0.00 5 19 12:00am NNE 30.55 59 24 22.9 33.7 3:37pm 13.1 12:00am 42 0 0.02 5 20 3:44pm SSW 30.07 57 25 29.7 37.6 3:56pm 18.4 6:46am 34 0 0.01 1 10 1:47am NE 29.88 68 26 26.2 32.7 10:19am 17.3 11:54pm 39 0 0.00 5 19 6:10pm NNE 30.08 68 27 19.8 27.2 2:00pm 11.9 6:37am 45 0 0.00 4 15 11:10am NNE 30.56 59 28 27.3 35.3 1:54pm 18.0 12:45am 37 0 0.00 4 13 12:02am NE 30.53 53 --------------------------------------------------------------------------------------- TOT 27.7 62.6 2/7/15 -2.8 2/19/15 1034 0 1.11 5 33 2/14/15 NNE 30.16 64 HEAT BASE: 65.0 COOL BASE: 65.0