NOAA-Style Climate Reports

NOAA style reports

NOAA-style Climate Reports

2017: Jan | Feb | Mar | Apr | May | Jun | Jul | Aug | Sep | Oct | Nov | Dec 
 2016: Jan | Feb | Mar | Apr | May | Jun | Jul | Aug | Sep | Oct | Nov | Dec 
2015: Jan | Feb | Mar | Apr | May | Jun | Jul | Aug | Sep | Oct | Nov | Dec 
2014: Jan | Feb | Mar | Apr | May | Jun | Jul | Aug | Sep | Oct | Nov | Dec 
2013: Jan | Feb | Mar | Apr | May | Jun | Jul | Aug | Sep | Oct | Nov | Dec 

Report for 2015 03
MONTHLY CLIMATOLOGICAL SUMMARY FOR 3/2015 HEAT COOL MEAN DEG DEG WIND SPEED DOM MEAN MEAN DAY TEMP HIGH TIME LOW TIME DAYS DAYS RAIN AVG HI TIME DIR BAROM HUM --------------------------------------------------------------------------------------- 1 2 31.8 40.2 2:00pm 23.8 6:27am 33 0 0.00 4 21 12:10am NNE 30.40 61 3 42.0 51.0 4:19pm 32.7 12:00am 22 0 1.05 5 21 11:11am S 29.91 84 4 29.7 42.9 12:00am 18.6 9:19pm 35 0 0.66 5 24 2:32pm NNE 30.04 93 5 19.6 28.2 12:05pm 10.0 11:58pm 41 0 0.21 6 23 3:24pm NNE 30.43 60 6 19.8 32.2 4:34pm 2.8 6:06am 45 0 0.19 3 18 3:11pm S 30.48 58 7 37.4 50.7 3:31pm 25.8 1:15am 28 0 0.05 6 21 11:52am SSW 30.23 56 8 42.2 52.8 11:58am 27.6 6:32am 23 0 0.00 3 13 9:39pm S 30.15 62 9 45.8 52.6 2:13pm 38.2 3:45am 19 0 0.00 2 10 12:26pm S 30.12 79 10 48.4 54.2 2:27pm 45.4 4:06am 17 0 0.88 2 10 6:52am NW 29.94 95 11 50.6 62.6 4:27pm 43.6 11:52pm 14 0 0.00 1 10 2:17pm NNE 30.18 85 12 53.9 66.6 1:59pm 39.8 3:33am 11 0 0.00 3 22 11:14am NE 30.27 63 13 54.6 56.6 12:28pm 50.5 6:48am 10 0 1.50 3 12 2:46pm S 30.05 85 14 55.5 63.4 2:53pm 46.0 11:57pm 9 0 0.20 2 16 4:06pm NW 29.99 86 15 53.7 68.1 1:51pm 37.3 6:47am 12 0 0.00 2 12 1:49pm S 30.19 61 16 60.5 77.6 3:06pm 41.3 6:09am 8 3 0.00 3 14 5:11pm SSW 30.01 60 17 54.1 61.0 1:04pm 40.1 11:58pm 11 0 0.00 6 28 10:46am NNE 30.06 56 18 42.7 49.6 2:27pm 35.6 5:43am 22 0 0.04 4 25 8:48am NE 30.20 36 19 44.0 48.9 11:28am 39.3 5:13am 21 0 0.18 2 20 8:57am NE 30.05 75 20 47.2 52.8 10:09am 42.3 11:55pm 18 0 0.00 2 13 9:51am NW 30.07 81 21 54.8 71.3 1:56pm 40.3 1:46am 11 1 0.00 3 14 10:45am SSW 30.07 67 22 55.0 65.6 2:15pm 46.2 6:34am 10 0 0.00 4 16 8:20am NNE 30.03 44 23 51.9 67.6 1:22pm 37.9 6:23am 13 0 0.00 4 13 8:44am NNE 30.01 46 24 43.9 53.3 11:56pm 36.2 5:54am 21 0 0.02 6 26 6:42pm NNE 30.02 67 25 60.3 72.5 1:08pm 51.0 11:27pm 6 1 0.17 4 24 11:11pm NNE 29.91 69 26 44.0 51.0 12:00am 34.0 11:58pm 21 0 0.60 4 19 4:05pm N 29.90 85 27 36.5 44.9 9:05am 28.2 11:55pm 29 0 0.00 4 23 2:21pm N 30.03 67 28 33.9 47.4 2:01pm 24.4 6:15am 30 0 0.00 2 13 8:16am NNE 30.24 53 29 46.2 61.8 3:00pm 26.1 3:30am 19 0 0.00 6 23 12:30pm S 30.11 52 30 56.2 67.6 1:00pm 42.3 6:30am 9 0 0.00 4 16 12:00am NW 30.04 47 31 60.2 77.4 1:20pm 45.8 1:00am 7 3 0.00 4 24 1:30pm NNE 29.86 44 --------------------------------------------------------------------------------------- TOT 45.6 77.6 3/16/15 2.8 3/6/15 574 9 5.80 4 28 3/17/15 NNE 30.11 66 HEAT BASE: 65.0 COOL BASE: 65.0