NOAA-Style Climate Reports

NOAA style reports

NOAA-style Climate Reports

2017: Jan | Feb | Mar | Apr | May | Jun | Jul | Aug | Sep | Oct | Nov | Dec 
 2016: Jan | Feb | Mar | Apr | May | Jun | Jul | Aug | Sep | Oct | Nov | Dec 
2015: Jan | Feb | Mar | Apr | May | Jun | Jul | Aug | Sep | Oct | Nov | Dec 
2014: Jan | Feb | Mar | Apr | May | Jun | Jul | Aug | Sep | Oct | Nov | Dec 
2013: Jan | Feb | Mar | Apr | May | Jun | Jul | Aug | Sep | Oct | Nov | Dec 

Report for 2015 04
MONTHLY CLIMATOLOGICAL SUMMARY FOR 4/2015 HEAT COOL MEAN DEG DEG WIND SPEED DOM MEAN MEAN DAY TEMP HIGH TIME LOW TIME DAYS DAYS RAIN AVG HI TIME DIR BAROM HUM --------------------------------------------------------------------------------------- 1 59.4 73.5 3:59pm 40.5 6:09am 8 2 0.00 4 19 2:49pm SSE 29.96 46 2 65.3 74.6 12:12pm 59.0 5:13am 2 2 0.23 6 24 1:02pm S 29.78 75 3 57.4 72.0 10:44am 43.6 11:58pm 8 0 1.39 6 26 1:10pm NW 29.84 86 4 48.1 59.3 2:05pm 36.5 6:04am 17 0 0.10 4 16 12:00am NNW 30.27 56 5 52.4 66.3 2:53pm 34.1 7:40am 12 0 0.04 2 18 12:27pm S 30.12 50 6 57.9 65.0 2:44pm 52.0 12:00am 7 0 0.03 4 16 12:26pm S 29.98 72 7 64.6 75.4 2:46pm 60.4 12:00am 2 2 0.06 4 50 3:26pm S 29.92 90 8 69.8 79.2 2:15pm 61.3 1:27am 1 6 0.01 3 15 2:36pm S 29.87 83 9 73.2 80.9 2:54pm 66.1 3:38am 0 8 0.01 5 27 5:56pm S 29.75 69 10 61.1 74.9 12:00am 49.2 8:21am 5 1 0.00 7 38 12:41am WNW 29.93 57 11 56.4 67.4 4:26pm 43.1 8:02am 9 0 0.00 2 13 1:44am NNE 30.15 46 12 61.4 76.1 5:49pm 45.7 7:39am 7 4 0.01 2 12 2:48pm ESE 30.04 48 13 67.5 80.3 2:30pm 59.9 12:49am 1 3 0.00 4 16 9:04am S 29.96 70 14 61.2 70.1 3:57pm 52.0 10:15am 5 1 0.00 5 29 8:00am NNE 30.03 57 15 60.8 69.9 4:16pm 55.7 7:22am 4 0 0.01 4 19 11:27am NNE 30.00 57 16 64.9 76.5 3:53pm 56.3 2:55am 3 3 0.00 2 10 2:10pm S 29.98 82 17 68.5 77.0 2:41pm 60.7 3:53am 1 4 0.00 1 10 11:28am SE 29.98 74 18 69.2 80.3 5:15pm 56.9 7:01am 2 6 0.00 2 13 11:44am SSE 29.89 64 19 65.3 70.6 12:00am 60.4 8:52am 1 1 0.00 3 19 7:17pm ESE 29.54 83 20 57.6 64.0 3:07pm 50.1 11:58pm 7 0 0.00 6 27 1:34pm W 29.57 73 21 56.6 69.3 4:40pm 46.8 4:12am 8 0 0.00 5 24 10:49am SW 29.77 55 22 55.6 62.4 2:21pm 46.4 11:57pm 9 0 0.01 7 27 5:21pm NW 29.82 53 23 52.4 66.1 2:50pm 38.3 7:37am 12 0 0.00 3 20 3:05pm NW 29.99 45 24 53.2 63.9 3:36pm 39.3 7:29am 12 0 0.00 3 21 8:37pm SSE 29.96 49 25 61.2 77.0 5:00pm 53.9 7:14am 6 2 0.00 4 23 6:29pm SSE 29.54 76 26 55.6 66.0 3:10pm 48.3 5:33am 9 0 0.00 5 21 1:26am NNE 29.75 61 27 55.0 66.8 3:33pm 42.5 7:15am 10 0 0.00 4 27 5:28pm NNE 29.94 51 28 56.1 68.1 4:56pm 44.5 7:27am 9 0 0.00 3 16 9:58am NNE 29.96 54 29 60.1 73.5 3:49pm 45.4 7:29am 7 2 0.00 2 18 4:21pm NNE 29.80 53 30 58.0 70.8 3:33pm 50.1 3:12am 7 0 0.00 3 25 5:54pm NNE 29.80 56 --------------------------------------------------------------------------------------- TOT 60.2 80.9 4/9/15 34.1 4/5/15 192 49 1.90 4 46 4/7/15 NNE 29.90 63 HEAT BASE: 65.0 COOL BASE: 65.0