NOAA-Style Climate Reports

NOAA style reports

NOAA-style Climate Reports

2017: Jan | Feb | Mar | Apr | May | Jun | Jul | Aug | Sep | Oct | Nov | Dec 
 2016: Jan | Feb | Mar | Apr | May | Jun | Jul | Aug | Sep | Oct | Nov | Dec 
2015: Jan | Feb | Mar | Apr | May | Jun | Jul | Aug | Sep | Oct | Nov | Dec 
2014: Jan | Feb | Mar | Apr | May | Jun | Jul | Aug | Sep | Oct | Nov | Dec 
2013: Jan | Feb | Mar | Apr | May | Jun | Jul | Aug | Sep | Oct | Nov | Dec 

Report for 2015 05
MONTHLY CLIMATOLOGICAL SUMMARY FOR 5/2015 HEAT COOL MEAN DEG DEG WIND SPEED DOM MEAN MEAN DAY TEMP HIGH TIME LOW TIME DAYS DAYS RAIN AVG HI TIME DIR BAROM HUM --------------------------------------------------------------------------------------- 1 57.8 72.8 4:41pm 42.1 7:10am 9 2 0.00 2 16 12:43pm NNE 30.03 51 2 63.1 77.2 3:55pm 48.3 6:27am 5 4 0.00 2 14 1:34pm S 30.02 57 3 68.6 81.6 2:47pm 55.3 4:36am 3 6 0.00 2 16 3:24pm S 29.98 53 4 72.9 84.9 2:37pm 62.6 4:21am 0 8 0.00 3 20 2:59pm S 30.04 51 5 75.0 88.8 3:18pm 60.9 7:24am 0 10 0.00 2 14 2:50pm S 30.11 50 6 74.4 87.2 1:36pm 58.3 7:25am 1 10 0.00 2 20 6:39pm SSE 30.05 54 7 75.5 88.6 3:35pm 60.1 7:17am 1 11 0.00 3 18 4:59pm S 29.97 52 8 74.7 88.6 4:03pm 64.7 7:20am 0 10 0.00 3 24 5:31pm S 29.93 60 9 72.7 81.1 6:09pm 67.1 6:55am 0 8 0.00 2 19 1:53pm S 29.94 82 10 76.8 87.4 4:55pm 67.8 11:51pm 0 12 0.00 3 31 9:35pm S 29.93 68 11 70.8 78.5 10:50am 66.0 5:52am 0 6 0.00 3 32 11:47am S 29.89 81 12 63.7 71.8 3:36pm 54.8 7:35am 3 1 0.00 4 21 11:05am W 30.10 59 13 61.2 73.5 4:37pm 47.1 7:07am 6 2 0.00 2 13 1:05pm NNE 30.25 60 14 65.1 76.3 6:52pm 54.5 6:10am 3 3 0.00 2 13 5:03pm SE 30.15 55 15 72.2 87.4 3:41pm 59.9 6:30am 1 8 0.00 3 29 7:34pm S 29.99 70 16 70.0 74.6 3:12pm 67.1 12:00am 0 5 0.48 3 12 9:13am S 29.99 92 17 72.9 79.4 5:38pm 67.9 3:12am 0 8 0.20 4 15 12:27pm S 29.98 86 18 71.8 77.9 6:06pm 68.6 7:41am 0 7 0.50 3 15 9:23pm S 30.02 89 19 63.9 71.1 3:21pm 55.4 7:29am 3 2 0.01 3 14 4:14pm NW 30.08 66 20 55.7 61.2 1:41pm 51.0 7:15am 9 0 0.10 4 14 2:53am NNE 30.00 76 21 53.7 61.3 5:56pm 49.1 7:21am 11 0 0.00 5 18 4:52pm NW 30.06 77 22 61.2 77.4 3:39pm 45.4 5:39am 7 3 0.00 3 16 11:38am S 30.17 65 23 69.4 80.3 3:02pm 58.4 6:44am 2 6 0.00 2 15 1:45pm SE 30.20 56 24 74.4 85.1 3:35pm 63.7 7:17am 0 9 0.20 3 19 4:47pm SSE 30.04 57 25 72.2 76.3 1:10pm 67.4 7:06am 0 7 0.30 5 19 12:41am S 29.98 84 26 73.7 81.8 4:55pm 68.3 7:04am 0 9 0.00 5 25 2:46pm S 29.91 75 27 72.0 79.6 3:18pm 64.7 6:36am 0 7 0.10 4 24 11:21am S 30.00 77 28 75.0 84.0 2:40pm 65.5 6:54am 0 10 0.00 1 12 3:54pm SSE 30.05 74 29 76.2 84.5 5:19pm 68.8 6:45am 0 11 0.00 3 16 6:29pm S 29.98 73 30 75.5 85.1 3:06pm 70.1 6:40am 0 10 0.32 5 21 5:24pm S 29.88 78 31 62.2 70.8 12:00am 55.6 7:38am 3 1 0.00 4 20 3:17am NW 29.96 84 --------------------------------------------------------------------------------------- TOT 69.2 88.8 5/5/15 42.1 5/1/15 68 197 2.21 3 32 5/11/15 S 30.02 68 HEAT BASE: 65.0 COOL BASE: 65.0