NOAA-Style Climate Reports

NOAA style reports

NOAA-style Climate Reports

2017: Jan | Feb | Mar | Apr | May | Jun | Jul | Aug | Sep | Oct | Nov | Dec 
 2016: Jan | Feb | Mar | Apr | May | Jun | Jul | Aug | Sep | Oct | Nov | Dec 
2015: Jan | Feb | Mar | Apr | May | Jun | Jul | Aug | Sep | Oct | Nov | Dec 
2014: Jan | Feb | Mar | Apr | May | Jun | Jul | Aug | Sep | Oct | Nov | Dec 
2013: Jan | Feb | Mar | Apr | May | Jun | Jul | Aug | Sep | Oct | Nov | Dec 

Report for 2015 06
MONTHLY CLIMATOLOGICAL SUMMARY FOR 6/2015 HEAT COOL MEAN DEG DEG WIND SPEED DOM MEAN MEAN DAY TEMP HIGH TIME LOW TIME DAYS DAYS RAIN AVG HI TIME DIR BAROM HUM --------------------------------------------------------------------------------------- 1 61.0 65.2 4:24pm 57.6 9:50am 4 0 0.07 4 14 9:48am NNE 30.03 84 2 61.5 66.1 6:32pm 57.6 9:58am 4 0 0.01 2 11 11:32am NNE 30.02 82 3 64.3 76.5 4:25pm 54.1 7:05am 3 3 0.00 2 13 5:53pm ESE 29.97 75 4 69.8 84.0 3:26pm 54.5 6:44am 3 7 0.00 1 10 3:19pm S 29.96 65 5 76.2 89.5 3:58pm 63.9 4:46am 0 11 0.00 2 14 5:05pm WSW 29.93 67 6 77.4 88.8 3:07pm 66.0 7:21am 0 12 0.00 3 14 5:29pm NNE 29.91 64 7 80.9 92.9 4:27pm 67.8 6:01am 0 16 0.00 4 21 6:03pm S 29.82 63 8 75.2 81.4 12:00am 68.4 8:37am 0 10 0.41 3 15 4:09pm S 29.76 78 9 79.3 91.8 3:44pm 67.6 6:52am 0 14 0.00 2 14 1:55pm NW 29.76 65 10 79.8 93.2 3:14pm 64.5 7:02am 0 15 0.00 2 14 3:11pm S 29.76 58 11 82.5 94.0 3:01pm 69.9 6:58am 0 17 0.00 3 15 11:23am S 29.77 59 12 83.3 92.9 5:09pm 75.6 6:47am 0 18 0.00 5 23 3:03pm S 29.80 63 13 80.6 89.3 2:29pm 75.3 6:53am 0 16 0.07 5 18 8:36am S 29.90 72 14 80.6 89.3 2:43pm 74.0 10:03pm 0 16 0.13 4 21 8:15pm S 29.93 73 15 80.7 90.5 3:55pm 73.9 4:41am 0 15 0.01 4 18 4:40pm S 29.94 77 16 81.9 90.3 3:52pm 76.3 6:03am 0 17 0.04 3 15 11:52pm WSW 29.97 73 17 77.9 87.0 12:30pm 72.5 5:00am 0 13 1.33 2 23 2:30pm WSW 29.95 85 18 78.1 88.4 2:00pm 72.7 5:00am 0 13 0.62 2 19 5:30pm S 29.92 86 19 75.9 83.4 2:00pm 71.8 4:00am 0 11 0.02 2 14 2:30pm ESE 29.81 90 20 75.8 82.8 3:53pm 71.5 6:55am 0 10 0.02 4 16 5:30am WNW 29.74 87 21 79.6 91.0 3:21pm 71.8 5:46am 0 15 0.01 3 19 10:48am NNE 29.88 75 22 80.3 89.5 2:00pm 70.8 5:19am 0 15 0.00 4 20 7:56pm S 29.92 78 23 24 78.2 86.7 3:14pm 68.4 5:50am 0 13 0.01 2 11 3:20pm NNE 30.03 64 25 81.2 91.8 2:12pm 72.7 4:10am 0 16 0.00 2 27 10:53pm S 29.89 71 26 75.6 87.6 2:02pm 71.1 5:34am 0 11 0.00 2 19 12:46am S 29.81 84 27 72.9 82.4 3:11pm 64.8 11:57pm 0 8 0.00 4 22 4:59pm NW 29.81 71 28 60.7 66.6 7:32am 57.5 6:16am 1 0 0.00 0 4 12:46am NNW 29.90 84 --------------------------------------------------------------------------------------- TOT 76.6 94.0 6/11/15 54.1 6/3/15 15 312 2.69 3 27 6/25/15 S 29.88 74 HEAT BASE: 65.0 COOL BASE: 65.0